Last updated on 2024-05-21 12:53:09 CEST.
Flavor | Version | Tinstall | Tcheck | Ttotal | Status | Flags |
---|---|---|---|---|---|---|
r-devel-linux-x86_64-debian-clang | 1.0.2 | 24.78 | 655.81 | 680.59 | OK | |
r-devel-linux-x86_64-debian-gcc | 1.0.2 | 15.81 | 462.84 | 478.65 | OK | |
r-devel-linux-x86_64-fedora-clang | 1.0.2 | 831.16 | OK | |||
r-devel-linux-x86_64-fedora-gcc | 1.0.2 | 802.04 | OK | |||
r-devel-windows-x86_64 | 1.0.2 | 20.00 | 424.00 | 444.00 | OK | |
r-patched-linux-x86_64 | 1.0.2 | 29.00 | 641.89 | 670.89 | OK | |
r-release-linux-x86_64 | 1.0.2 | 21.97 | 548.50 | 570.47 | OK | |
r-release-macos-arm64 | 1.0.2 | 193.00 | OK | |||
r-release-windows-x86_64 | 1.0.2 | 21.00 | 404.00 | 425.00 | OK | |
r-oldrel-macos-arm64 | 1.0.2 | 205.00 | OK | |||
r-oldrel-macos-x86_64 | 1.0.2 | 535.00 | NOTE | |||
r-oldrel-windows-x86_64 | 1.0.2 | 24.00 | 543.00 | 567.00 | OK |
Version: 1.0.2
Check: package dependencies
Result: NOTE
Package suggested but not available for checking: ‘ggplot2’
Flavor: r-oldrel-macos-x86_64