Last updated on 2024-05-19 11:59:58 CEST.
Flavor | Version | Tinstall | Tcheck | Ttotal | Status | Flags |
---|---|---|---|---|---|---|
r-devel-linux-x86_64-debian-clang | 0.1.1 | 4.97 | 54.80 | 59.77 | NOTE | |
r-devel-linux-x86_64-debian-gcc | 0.1.1 | 3.46 | 41.32 | 44.78 | NOTE | |
r-devel-linux-x86_64-fedora-clang | 0.1.1 | 74.83 | NOTE | |||
r-devel-linux-x86_64-fedora-gcc | 0.1.1 | 91.68 | NOTE | |||
r-devel-windows-x86_64 | 0.1.1 | 5.00 | 59.00 | 64.00 | NOTE | |
r-patched-linux-x86_64 | 0.1.1 | 3.39 | 53.97 | 57.36 | NOTE | |
r-release-linux-x86_64 | 0.1.1 | 2.97 | 54.23 | 57.20 | NOTE | |
r-release-macos-arm64 | 0.1.1 | 26.00 | NOTE | |||
r-release-windows-x86_64 | 0.1.1 | 5.00 | 60.00 | 65.00 | NOTE | |
r-oldrel-macos-arm64 | 0.1.1 | 36.00 | NOTE | |||
r-oldrel-macos-x86_64 | 0.1.1 | 57.00 | NOTE | |||
r-oldrel-windows-x86_64 | 0.1.1 | 6.00 | 68.00 | 74.00 | NOTE |
Version: 0.1.1
Check: package subdirectories
Result: NOTE
Problems with news in ‘NEWS.md’:
No news entries found.
Flavors: r-devel-linux-x86_64-debian-clang, r-devel-linux-x86_64-debian-gcc, r-devel-linux-x86_64-fedora-clang, r-devel-linux-x86_64-fedora-gcc, r-devel-windows-x86_64, r-patched-linux-x86_64, r-release-linux-x86_64, r-release-macos-arm64, r-release-windows-x86_64, r-oldrel-macos-arm64, r-oldrel-macos-x86_64, r-oldrel-windows-x86_64
Version: 0.1.1
Check: LazyData
Result: NOTE
'LazyData' is specified without a 'data' directory
Flavors: r-devel-linux-x86_64-debian-clang, r-devel-linux-x86_64-debian-gcc, r-devel-linux-x86_64-fedora-clang, r-devel-linux-x86_64-fedora-gcc, r-devel-windows-x86_64, r-patched-linux-x86_64, r-release-linux-x86_64, r-release-macos-arm64, r-release-windows-x86_64, r-oldrel-macos-arm64, r-oldrel-macos-x86_64, r-oldrel-windows-x86_64