Last updated on 2024-04-30 21:50:30 CEST.
Flavor | Version | Tinstall | Tcheck | Ttotal | Status | Flags |
---|---|---|---|---|---|---|
r-devel-linux-x86_64-debian-clang | 3.0.6 | 11.94 | 376.10 | 388.04 | NOTE | |
r-devel-linux-x86_64-debian-gcc | 3.0.6 | 8.93 | 269.94 | 278.87 | NOTE | |
r-devel-linux-x86_64-fedora-clang | 3.0.6 | 481.33 | NOTE | |||
r-devel-linux-x86_64-fedora-gcc | 3.0.6 | 469.05 | NOTE | |||
r-devel-windows-x86_64 | 3.0.6 | 12.00 | 300.00 | 312.00 | OK | |
r-patched-linux-x86_64 | 3.0.6 | 17.96 | 343.95 | 361.91 | NOTE | |
r-release-linux-x86_64 | 3.0.6 | 9.76 | 322.42 | 332.18 | NOTE | |
r-release-macos-arm64 | 3.0.6 | 139.00 | OK | |||
r-release-windows-x86_64 | 3.0.6 | 12.00 | 300.00 | 312.00 | OK | |
r-oldrel-macos-arm64 | 3.0.6 | 129.00 | OK | |||
r-oldrel-macos-x86_64 | 3.0.6 | 299.00 | OK | |||
r-oldrel-windows-x86_64 | 3.0.6 | 14.00 | 388.00 | 402.00 | OK |
Version: 3.0.6
Check: package dependencies
Result: NOTE
Package suggested but not available for checking: ‘dotwhisker’
Flavors: r-devel-linux-x86_64-debian-clang, r-devel-linux-x86_64-debian-gcc, r-devel-linux-x86_64-fedora-clang, r-devel-linux-x86_64-fedora-gcc, r-patched-linux-x86_64
Version: 3.0.6
Check: package dependencies
Result: NOTE
Packages suggested but not available for checking: 'rstanarm', 'dotwhisker'
Flavor: r-release-linux-x86_64