CRAN Package Check Results for Package tdthap

Last updated on 2015-05-23 03:48:57.

Flavor Version Tinstall Tcheck Ttotal Status Flags
r-devel-linux-x86_64-debian-clang 1.1-7 1.34 11.88 13.21 NOTE
r-devel-linux-x86_64-debian-gcc 1.1-7 1.37 11.64 13.01 NOTE
r-devel-linux-x86_64-fedora-clang 1.1-7 23.83 NOTE
r-devel-linux-x86_64-fedora-gcc 1.1-7 22.91 NOTE
r-devel-osx-x86_64-clang 1.1-7 30.62 NOTE
r-devel-windows-ix86+x86_64 1.1-7 10.00 21.00 31.00 NOTE
r-patched-linux-x86_64 1.1-7 1.34 12.96 14.30 NOTE
r-patched-solaris-sparc 1.1-7 140.20 NOTE
r-patched-solaris-x86 1.1-7 32.90 NOTE
r-release-linux-x86_64 1.1-7 1.42 11.83 13.26 NOTE
r-release-osx-x86_64-mavericks 1.1-7 NOTE
r-release-osx-x86_64-snowleopard 1.1-7 NOTE
r-release-windows-ix86+x86_64 1.1-7 6.00 26.00 32.00 NOTE
r-oldrel-windows-ix86+x86_64 1.1-7 12.00 30.00 42.00 OK

Check Details

Version: 1.1-7
Check: DESCRIPTION meta-information
Result: NOTE
    Malformed Description field: should contain one or more complete sentences.
Flavors: r-devel-linux-x86_64-debian-clang, r-devel-linux-x86_64-debian-gcc, r-devel-linux-x86_64-fedora-clang, r-devel-linux-x86_64-fedora-gcc, r-devel-osx-x86_64-clang, r-devel-windows-ix86+x86_64, r-patched-linux-x86_64, r-patched-solaris-sparc, r-patched-solaris-x86, r-release-linux-x86_64, r-release-osx-x86_64-mavericks, r-release-osx-x86_64-snowleopard, r-release-windows-ix86+x86_64