CRAN Package Check Results for Package tdthap

Last updated on 2014-12-23 03:49:54.

Flavor Version Tinstall Tcheck Ttotal Status Flags
r-devel-linux-x86_64-debian-clang 1.1-7 1.29 12.57 13.86 OK
r-devel-linux-x86_64-debian-gcc 1.1-7 1.40 12.30 13.70 OK
r-devel-linux-x86_64-fedora-clang 1.1-7 26.95 OK
r-devel-linux-x86_64-fedora-gcc 1.1-7 24.85 OK
r-devel-osx-x86_64-clang 1.1-7 27.99 OK
r-devel-windows-ix86+x86_64 1.1-7 8.00 37.00 45.00 OK
r-patched-linux-x86_64 1.1-7 1.46 12.24 13.69 OK
r-patched-solaris-sparc 1.1-7 134.20 OK
r-patched-solaris-x86 1.1-7 36.90 OK
r-release-linux-ix86 1.1-7 2.01 16.40 18.41 OK
r-release-linux-x86_64 1.1-7 1.45 11.62 13.07 OK
r-release-osx-x86_64-mavericks 1.1-7 NOTE
r-release-osx-x86_64-snowleopard 1.1-7 OK
r-release-windows-ix86+x86_64 1.1-7 8.00 34.00 42.00 OK
r-oldrel-windows-ix86+x86_64 1.1-7 8.00 24.00 32.00 OK

Check Details

Version: 1.1-7
Check: re-building of vignette outputs
Result: NOTE
    Error in re-building vignettes:
     ...
    Error in texi2dvi(file = file, pdf = TRUE, clean = clean, quiet = quiet, :
     Running 'texi2dvi' on 'tdthap-paper.tex' failed.
    LaTeX errors:
    ! LaTeX Error: File `a4wide.sty' not found.
    
    Type X to quit or <RETURN> to proceed,
    or enter new name. (Default extension: sty)
    
    test/tdthap/vignettes/tdthap-paper.tex:9: ==> Fatal error occurred, no output
    PDF file produced!
    Calls: buildVignettes -> texi2pdf -> texi2dvi
    Execution halted
Flavor: r-release-osx-x86_64-mavericks