CRAN Package Check Results for Package tdthap

Last updated on 2014-04-24 05:47:34.

Flavor Version Tinstall Tcheck Ttotal Status Flags
r-devel-linux-x86_64-debian-clang 1.1-7 1.20 10.67 11.87 OK
r-devel-linux-x86_64-debian-gcc 1.1-7 1.44 11.99 13.44 OK
r-devel-linux-x86_64-fedora-clang 1.1-7 25.53 OK
r-devel-linux-x86_64-fedora-gcc 1.1-7 25.33 OK
r-devel-osx-x86_64-clang 1.1-7 31.18 OK
r-devel-osx-x86_64-gcc 1.1-7 OK
r-devel-windows-ix86+x86_64 1.1-7 8.00 22.00 30.00 OK
r-patched-linux-x86_64 1.1-7 1.39 10.66 12.05 OK
r-patched-solaris-sparc 1.1-7 133.60 OK
r-patched-solaris-x86 1.1-7 38.20 OK
r-release-linux-ix86 1.1-7 3.00 26.00 29.00 OK
r-release-linux-x86_64 1.1-7 1.41 10.92 12.33 OK
r-release-osx-x86_64-mavericks 1.1-7 WARN
r-release-osx-x86_64-snowleopard 1.1-7 OK
r-release-windows-ix86+x86_64 1.1-7 14.00 23.00 37.00 OK
r-oldrel-windows-ix86+x86_64 1.1-7 8.00 24.00 32.00 OK

Check Details

Version: 1.1-7
Check: re-building of vignette outputs
Result: NOTE
    Error in re-building vignettes:
     ...
    Error in texi2dvi(file = file, pdf = TRUE, clean = clean, quiet = quiet, :
     Running 'texi2dvi' on 'tdthap-paper.tex' failed.
    LaTeX errors:
    ! LaTeX Error: File `a4wide.sty' not found.
    
    Type X to quit or <RETURN> to proceed,
    or enter new name. (Default extension: sty)
    
    test/tdthap/vignettes/tdthap-paper.tex:9: ==> Fatal error occurred, no output
    PDF file produced!
    Calls: buildVignettes -> texi2pdf -> texi2dvi
    Execution halted
Flavor: r-release-osx-x86_64-mavericks

Version: 1.1-7
Check: PDF version of manual
Result: WARNING
    LaTeX errors when creating PDF version.
    This typically indicates Rd problems.
    LaTeX errors found:
    ! LaTeX Error: File `upquote.sty' not found.
    
    Type X to quit or <RETURN> to proceed,
    or enter new name. (Default extension: sty)
    
    9047954/Rd2.tex:8: ==> Fatal error occurred, no output PDF file produced!
Flavor: r-release-osx-x86_64-mavericks