CRAN Package Check Results for Package tdthap

Last updated on 2014-09-01 21:49:03.

Flavor Version Tinstall Tcheck Ttotal Status Flags
r-devel-linux-x86_64-debian-clang 1.1-7 1.12 10.27 11.40 OK
r-devel-linux-x86_64-debian-gcc 1.1-7 1.32 10.55 11.88 OK
r-devel-linux-x86_64-fedora-clang 1.1-7 25.24 OK
r-devel-linux-x86_64-fedora-gcc 1.1-7 24.88 OK
r-devel-osx-x86_64-clang 1.1-7 29.03 OK
r-devel-windows-ix86+x86_64 1.1-7 7.00 23.00 30.00 OK
r-patched-linux-x86_64 1.1-7 1.46 11.04 12.50 OK
r-patched-solaris-sparc 1.1-7 178.70 OK
r-patched-solaris-x86 1.1-7 39.70 OK
r-release-linux-ix86 1.1-7 2.04 17.91 19.95 OK
r-release-linux-x86_64 1.1-7 1.43 11.52 12.95 OK
r-release-osx-x86_64-mavericks 1.1-7 NOTE
r-release-osx-x86_64-snowleopard 1.1-7 OK
r-release-windows-ix86+x86_64 1.1-7 10.00 28.00 38.00 OK
r-oldrel-windows-ix86+x86_64 1.1-7 8.00 24.00 32.00 OK

Check Details

Version: 1.1-7
Check: re-building of vignette outputs
Result: NOTE
    Error in re-building vignettes:
     ...
    Error in texi2dvi(file = file, pdf = TRUE, clean = clean, quiet = quiet, :
     Running 'texi2dvi' on 'tdthap-paper.tex' failed.
    LaTeX errors:
    ! LaTeX Error: File `a4wide.sty' not found.
    
    Type X to quit or <RETURN> to proceed,
    or enter new name. (Default extension: sty)
    
    test/tdthap/vignettes/tdthap-paper.tex:9: ==> Fatal error occurred, no output
    PDF file produced!
    Calls: buildVignettes -> texi2pdf -> texi2dvi
    Execution halted
Flavor: r-release-osx-x86_64-mavericks