CRAN Package Check Results for Package tdthap

Last updated on 2014-11-22 11:49:24.

Flavor Version Tinstall Tcheck Ttotal Status Flags
r-devel-linux-x86_64-debian-clang 1.1-7 1.29 12.79 14.08 OK
r-devel-linux-x86_64-debian-gcc 1.1-7 1.45 12.56 14.01 OK
r-devel-linux-x86_64-fedora-clang 1.1-7 26.22 OK
r-devel-linux-x86_64-fedora-gcc 1.1-7 25.33 OK
r-devel-osx-x86_64-clang 1.1-7 27.86 OK
r-devel-windows-ix86+x86_64 1.1-7 7.00 22.00 29.00 OK
r-patched-linux-x86_64 1.1-7 1.53 13.70 15.23 OK
r-patched-solaris-sparc 1.1-7 178.70 OK
r-patched-solaris-x86 1.1-7 38.60 OK
r-release-linux-ix86 1.1-7 2.00 16.50 18.50 OK
r-release-linux-x86_64 1.1-7 1.50 13.40 14.90 OK
r-release-osx-x86_64-mavericks 1.1-7 NOTE
r-release-osx-x86_64-snowleopard 1.1-7 OK
r-release-windows-ix86+x86_64 1.1-7 8.00 34.00 42.00 OK
r-oldrel-windows-ix86+x86_64 1.1-7 8.00 24.00 32.00 OK

Check Details

Version: 1.1-7
Check: re-building of vignette outputs
Result: NOTE
    Error in re-building vignettes:
     ...
    Error in texi2dvi(file = file, pdf = TRUE, clean = clean, quiet = quiet, :
     Running 'texi2dvi' on 'tdthap-paper.tex' failed.
    LaTeX errors:
    ! LaTeX Error: File `a4wide.sty' not found.
    
    Type X to quit or <RETURN> to proceed,
    or enter new name. (Default extension: sty)
    
    test/tdthap/vignettes/tdthap-paper.tex:9: ==> Fatal error occurred, no output
    PDF file produced!
    Calls: buildVignettes -> texi2pdf -> texi2dvi
    Execution halted
Flavor: r-release-osx-x86_64-mavericks