CRAN Package Check Results for Package tdthap

Last updated on 2016-07-28 12:47:44.

Flavor Version Tinstall Tcheck Ttotal Status Flags
r-devel-linux-x86_64-debian-clang 1.1-7 2.16 15.26 17.42 NOTE
r-devel-linux-x86_64-debian-gcc 1.1-7 1.99 14.53 16.52 NOTE
r-devel-linux-x86_64-fedora-clang 1.1-7 21.86 NOTE
r-devel-linux-x86_64-fedora-gcc 1.1-7 20.28 NOTE
r-devel-osx-x86_64-clang 1.1-7 17.38 NOTE
r-devel-windows-ix86+x86_64 1.1-7 6.00 33.00 39.00 NOTE
r-patched-linux-x86_64 1.1-7 1.72 15.10 16.81 NOTE
r-patched-solaris-sparc 1.1-7 122.80 NOTE
r-patched-solaris-x86 1.1-7 30.40 NOTE
r-release-linux-x86_64 1.1-7 1.84 14.17 16.00 NOTE
r-release-osx-x86_64-mavericks 1.1-7 NOTE
r-release-windows-ix86+x86_64 1.1-7 7.00 45.00 52.00 NOTE
r-oldrel-windows-ix86+x86_64 1.1-7 9.00 39.00 48.00 NOTE

Check Details

Version: 1.1-7
Check: DESCRIPTION meta-information
Result: NOTE
    Malformed Description field: should contain one or more complete sentences.
Flavors: r-devel-linux-x86_64-debian-clang, r-devel-linux-x86_64-debian-gcc, r-devel-linux-x86_64-fedora-clang, r-devel-linux-x86_64-fedora-gcc, r-devel-osx-x86_64-clang, r-devel-windows-ix86+x86_64, r-patched-linux-x86_64, r-patched-solaris-sparc, r-patched-solaris-x86, r-release-linux-x86_64, r-release-osx-x86_64-mavericks, r-release-windows-ix86+x86_64, r-oldrel-windows-ix86+x86_64

Version: 1.1-7
Check: R code for possible problems
Result: NOTE
    tdt.quad: no visible global function definition for ‘runif’
    tdt.rr: no visible global function definition for ‘pf’
    tdt.rr: no visible global function definition for ‘qbeta’
    Undefined global functions or variables:
     pf qbeta runif
    Consider adding
     importFrom("stats", "pf", "qbeta", "runif")
    to your NAMESPACE file.
Flavors: r-devel-linux-x86_64-debian-clang, r-devel-linux-x86_64-debian-gcc, r-devel-linux-x86_64-fedora-clang, r-devel-linux-x86_64-fedora-gcc, r-devel-osx-x86_64-clang, r-devel-windows-ix86+x86_64, r-patched-linux-x86_64, r-patched-solaris-sparc, r-patched-solaris-x86, r-release-linux-x86_64, r-release-osx-x86_64-mavericks, r-release-windows-ix86+x86_64