CRAN Package Check Results for Package tdthap

Last updated on 2016-06-29 05:48:54.

Flavor Version Tinstall Tcheck Ttotal Status Flags
r-devel-linux-x86_64-debian-gcc 1.1-7 1.52 13.31 14.83 NOTE
r-devel-linux-x86_64-fedora-clang 1.1-7 21.75 NOTE
r-devel-linux-x86_64-fedora-gcc 1.1-7 20.89 NOTE
r-devel-osx-x86_64-clang 1.1-7 18.22 NOTE
r-devel-windows-ix86+x86_64 1.1-7 7.00 34.00 41.00 NOTE
r-patched-linux-x86_64 1.1-7 1.62 12.47 14.09 NOTE
r-patched-solaris-sparc 1.1-7 122.80 NOTE
r-patched-solaris-x86 1.1-7 31.70 NOTE
r-release-linux-x86_64 1.1-7 1.52 11.51 13.03 NOTE
r-release-osx-x86_64-mavericks 1.1-7 NOTE
r-release-windows-ix86+x86_64 1.1-7 7.00 45.00 52.00 NOTE
r-oldrel-windows-ix86+x86_64 1.1-7 9.00 39.00 48.00 NOTE

Check Details

Version: 1.1-7
Check: DESCRIPTION meta-information
Result: NOTE
    Malformed Description field: should contain one or more complete sentences.
Flavors: r-devel-linux-x86_64-debian-gcc, r-devel-linux-x86_64-fedora-clang, r-devel-linux-x86_64-fedora-gcc, r-devel-osx-x86_64-clang, r-devel-windows-ix86+x86_64, r-patched-linux-x86_64, r-patched-solaris-sparc, r-patched-solaris-x86, r-release-linux-x86_64, r-release-osx-x86_64-mavericks, r-release-windows-ix86+x86_64, r-oldrel-windows-ix86+x86_64

Version: 1.1-7
Check: R code for possible problems
Result: NOTE
    tdt.quad: no visible global function definition for ‘runif’
    tdt.rr: no visible global function definition for ‘pf’
    tdt.rr: no visible global function definition for ‘qbeta’
    Undefined global functions or variables:
     pf qbeta runif
    Consider adding
     importFrom("stats", "pf", "qbeta", "runif")
    to your NAMESPACE file.
Flavors: r-devel-linux-x86_64-debian-gcc, r-devel-linux-x86_64-fedora-clang, r-devel-linux-x86_64-fedora-gcc, r-devel-osx-x86_64-clang, r-devel-windows-ix86+x86_64, r-patched-linux-x86_64, r-patched-solaris-sparc, r-patched-solaris-x86, r-release-linux-x86_64, r-release-osx-x86_64-mavericks, r-release-windows-ix86+x86_64