CRAN Package Check Results for Package tdthap

Last updated on 2017-03-26 11:54:11.

Flavor Version Tinstall Tcheck Ttotal Status Flags
r-devel-linux-x86_64-debian-clang 1.1-7 1.86 15.16 17.02 NOTE
r-devel-linux-x86_64-debian-gcc 1.1-7 1.72 15.25 16.97 NOTE
r-devel-linux-x86_64-fedora-clang 1.1-7 27.08 NOTE --no-stop-on-test-error
r-devel-linux-x86_64-fedora-gcc 1.1-7 26.25 NOTE --no-stop-on-test-error
r-devel-macos-x86_64-clang 1.1-7 21.62 NOTE --no-stop-on-test-error
r-devel-windows-ix86+x86_64 1.1-7 9.00 38.00 47.00 NOTE
r-patched-linux-x86_64 1.1-7 1.73 14.58 16.31 NOTE
r-patched-solaris-sparc 1.1-7 144.90 NOTE
r-patched-solaris-x86 1.1-7 37.40 NOTE
r-release-linux-x86_64 1.1-7 1.50 13.24 14.73 NOTE
r-release-osx-x86_64-mavericks 1.1-7 NOTE
r-release-windows-ix86+x86_64 1.1-7 7.00 34.00 41.00 NOTE
r-oldrel-windows-ix86+x86_64 1.1-7 7.00 53.00 60.00 NOTE

Check Details

Version: 1.1-7
Check: DESCRIPTION meta-information
Result: NOTE
    Malformed Description field: should contain one or more complete sentences.
Flavors: r-devel-linux-x86_64-debian-clang, r-devel-linux-x86_64-debian-gcc, r-devel-windows-ix86+x86_64, r-patched-linux-x86_64, r-patched-solaris-sparc, r-patched-solaris-x86, r-release-linux-x86_64, r-release-osx-x86_64-mavericks, r-release-windows-ix86+x86_64, r-oldrel-windows-ix86+x86_64

Version: 1.1-7
Check: R code for possible problems
Result: NOTE
    tdt.quad: no visible global function definition for ‘runif’
    tdt.rr: no visible global function definition for ‘pf’
    tdt.rr: no visible global function definition for ‘qbeta’
    Undefined global functions or variables:
     pf qbeta runif
    Consider adding
     importFrom("stats", "pf", "qbeta", "runif")
    to your NAMESPACE file.
Flavors: r-devel-linux-x86_64-debian-clang, r-devel-linux-x86_64-debian-gcc, r-devel-windows-ix86+x86_64, r-patched-linux-x86_64, r-patched-solaris-sparc, r-patched-solaris-x86, r-release-linux-x86_64, r-release-osx-x86_64-mavericks, r-release-windows-ix86+x86_64

Version: 1.1-7
Check: compiled code
Result: NOTE
    File ‘tdthap/libs/tdthap.so’:
     Found no calls to: ‘R_registerRoutines’, ‘R_useDynamicSymbols’
    
    It is good practice to register native routines and to disable symbol
    search.
    
    See ‘Writing portable packages’ in the ‘Writing R Extensions’ manual.
Flavors: r-devel-linux-x86_64-debian-clang, r-devel-linux-x86_64-debian-gcc, r-patched-linux-x86_64

Version: 1.1-7
Flags: --no-stop-on-test-error
Check: DESCRIPTION meta-information
Result: NOTE
    Malformed Description field: should contain one or more complete sentences.
Flavors: r-devel-linux-x86_64-fedora-clang, r-devel-linux-x86_64-fedora-gcc, r-devel-macos-x86_64-clang

Version: 1.1-7
Flags: --no-stop-on-test-error
Check: R code for possible problems
Result: NOTE
    tdt.quad: no visible global function definition for ‘runif’
    tdt.rr: no visible global function definition for ‘pf’
    tdt.rr: no visible global function definition for ‘qbeta’
    Undefined global functions or variables:
     pf qbeta runif
    Consider adding
     importFrom("stats", "pf", "qbeta", "runif")
    to your NAMESPACE file.
Flavors: r-devel-linux-x86_64-fedora-clang, r-devel-linux-x86_64-fedora-gcc, r-devel-macos-x86_64-clang

Version: 1.1-7
Flags: --no-stop-on-test-error
Check: compiled code
Result: NOTE
    File ‘tdthap/libs/tdthap.so’:
     Found no calls to: ‘R_registerRoutines’, ‘R_useDynamicSymbols’
    
    It is good practice to register native routines and to disable symbol
    search.
    
    See ‘Writing portable packages’ in the ‘Writing R Extensions’ manual.
Flavors: r-devel-linux-x86_64-fedora-clang, r-devel-linux-x86_64-fedora-gcc, r-devel-macos-x86_64-clang