CRAN Package Check Results for Package tdthap

Last updated on 2017-08-22 06:47:17.

Flavor Version Tinstall Tcheck Ttotal Status Flags
r-devel-linux-x86_64-debian-clang 1.1-7 1.86 15.03 16.89 NOTE
r-devel-linux-x86_64-debian-gcc 1.1-7 1.64 13.89 15.53 NOTE
r-devel-linux-x86_64-fedora-clang 1.1-7 27.03 NOTE
r-devel-linux-x86_64-fedora-gcc 1.1-7 25.56 NOTE
r-devel-windows-ix86+x86_64 1.1-7 8.00 37.00 45.00 NOTE
r-patched-linux-x86_64 1.1-7 1.80 14.10 15.90 NOTE
r-patched-solaris-x86 1.1-7 35.70 NOTE
r-release-linux-x86_64 1.1-7 1.77 13.85 15.63 NOTE
r-release-windows-ix86+x86_64 1.1-7 9.00 37.00 46.00 NOTE
r-release-osx-x86_64 1.1-7 WARN
r-oldrel-windows-ix86+x86_64 1.1-7 7.00 34.00 41.00 NOTE
r-oldrel-osx-x86_64 1.1-7 NOTE

Check Details

Version: 1.1-7
Check: DESCRIPTION meta-information
Result: NOTE
    Malformed Description field: should contain one or more complete sentences.
Flavors: r-devel-linux-x86_64-debian-clang, r-devel-linux-x86_64-debian-gcc, r-devel-linux-x86_64-fedora-clang, r-devel-linux-x86_64-fedora-gcc, r-devel-windows-ix86+x86_64, r-patched-linux-x86_64, r-patched-solaris-x86, r-release-linux-x86_64, r-release-windows-ix86+x86_64, r-release-osx-x86_64, r-oldrel-windows-ix86+x86_64, r-oldrel-osx-x86_64

Version: 1.1-7
Check: R code for possible problems
Result: NOTE
    tdt.quad: no visible global function definition for ‘runif’
    tdt.rr: no visible global function definition for ‘pf’
    tdt.rr: no visible global function definition for ‘qbeta’
    Undefined global functions or variables:
     pf qbeta runif
    Consider adding
     importFrom("stats", "pf", "qbeta", "runif")
    to your NAMESPACE file.
Flavors: r-devel-linux-x86_64-debian-clang, r-devel-linux-x86_64-debian-gcc, r-devel-linux-x86_64-fedora-clang, r-devel-linux-x86_64-fedora-gcc, r-devel-windows-ix86+x86_64, r-patched-linux-x86_64, r-patched-solaris-x86, r-release-linux-x86_64, r-release-windows-ix86+x86_64, r-release-osx-x86_64, r-oldrel-windows-ix86+x86_64, r-oldrel-osx-x86_64

Version: 1.1-7
Check: compiled code
Result: NOTE
    File ‘tdthap/libs/tdthap.so’:
     Found no calls to: ‘R_registerRoutines’, ‘R_useDynamicSymbols’
    
    It is good practice to register native routines and to disable symbol
    search.
    
    See ‘Writing portable packages’ in the ‘Writing R Extensions’ manual.
Flavors: r-devel-linux-x86_64-debian-clang, r-devel-linux-x86_64-debian-gcc, r-devel-linux-x86_64-fedora-clang, r-devel-linux-x86_64-fedora-gcc, r-patched-linux-x86_64, r-release-linux-x86_64

Version: 1.1-7
Check: re-building of vignette outputs
Result: WARN
    Error in re-building vignettes:
     ...
    Error in texi2dvi(file = file, pdf = TRUE, clean = clean, quiet = quiet, :
     Running 'texi2dvi' on 'tdthap-paper.tex' failed.
    LaTeX errors:
    ! LaTeX Error: File `a4wide.sty' not found.
    
    Type X to quit or <RETURN> to proceed,
    or enter new name. (Default extension: sty)
    
    ! Emergency stop.
    <read *>
    
    l.9 \usepackage
     {amsmath,epsfig}^^M
    ! ==> Fatal error occurred, no output PDF file produced!
    Calls: buildVignettes -> texi2pdf -> texi2dvi
    Execution halted
Flavor: r-release-osx-x86_64