CRAN Package Check Results for Package tdthap

Last updated on 2015-07-31 20:47:18.

Flavor Version Tinstall Tcheck Ttotal Status Flags
r-devel-linux-x86_64-debian-clang 1.1-7 1.19 11.18 12.36 NOTE
r-devel-linux-x86_64-debian-gcc 1.1-7 1.98 11.63 13.62 NOTE
r-devel-linux-x86_64-fedora-clang 1.1-7 23.48 NOTE
r-devel-linux-x86_64-fedora-gcc 1.1-7 21.70 NOTE
r-devel-osx-x86_64-clang 1.1-7 21.88 NOTE
r-devel-windows-ix86+x86_64 1.1-7 8.00 23.00 31.00 NOTE
r-patched-linux-x86_64 1.1-7 1.39 12.54 13.93 NOTE
r-patched-solaris-sparc 1.1-7 147.30 NOTE
r-patched-solaris-x86 1.1-7 32.60 NOTE
r-release-linux-x86_64 1.1-7 1.48 12.32 13.80 NOTE
r-release-osx-x86_64-mavericks 1.1-7 NOTE
r-release-windows-ix86+x86_64 1.1-7 8.00 22.00 30.00 NOTE
r-oldrel-windows-ix86+x86_64 1.1-7 12.00 30.00 42.00 OK

Check Details

Version: 1.1-7
Check: DESCRIPTION meta-information
Result: NOTE
    Malformed Description field: should contain one or more complete sentences.
Flavors: r-devel-linux-x86_64-debian-clang, r-devel-linux-x86_64-debian-gcc, r-devel-linux-x86_64-fedora-clang, r-devel-linux-x86_64-fedora-gcc, r-devel-osx-x86_64-clang, r-devel-windows-ix86+x86_64, r-patched-linux-x86_64, r-patched-solaris-sparc, r-patched-solaris-x86, r-release-linux-x86_64, r-release-osx-x86_64-mavericks, r-release-windows-ix86+x86_64

Version: 1.1-7
Check: R code for possible problems
Result: NOTE
    tdt.quad: no visible global function definition for ‘runif’
    tdt.rr: no visible global function definition for ‘pf’
    tdt.rr: no visible global function definition for ‘qbeta’
    Undefined global functions or variables:
     pf qbeta runif
    Consider adding
     importFrom("stats", "pf", "qbeta", "runif")
    to your NAMESPACE.
Flavors: r-devel-linux-x86_64-debian-clang, r-devel-linux-x86_64-debian-gcc, r-devel-linux-x86_64-fedora-clang, r-devel-linux-x86_64-fedora-gcc, r-devel-windows-ix86+x86_64