CRAN Package Check Results for Package tdthap

Last updated on 2017-01-20 03:47:49.

Flavor Version Tinstall Tcheck Ttotal Status Flags
r-devel-linux-x86_64-debian-clang 1.1-7 1.92 14.74 16.66 NOTE
r-devel-linux-x86_64-debian-gcc 1.1-7 1.82 14.84 16.65 NOTE
r-devel-linux-x86_64-fedora-clang 1.1-7 26.72 NOTE --no-stop-on-test-error
r-devel-linux-x86_64-fedora-gcc 1.1-7 26.43 NOTE --no-stop-on-test-error
r-devel-macos-x86_64-clang 1.1-7 22.00 NOTE --no-stop-on-test-error
r-devel-windows-ix86+x86_64 1.1-7 9.00 46.00 55.00 NOTE
r-patched-linux-x86_64 1.1-7 1.48 12.16 13.65 NOTE
r-patched-solaris-sparc 1.1-7 126.50 NOTE
r-patched-solaris-x86 1.1-7 30.90 NOTE
r-release-linux-x86_64 1.1-7 1.54 12.00 13.54 NOTE
r-release-osx-x86_64-mavericks 1.1-7 NOTE
r-release-windows-ix86+x86_64 1.1-7 7.00 34.00 41.00 NOTE
r-oldrel-windows-ix86+x86_64 1.1-7 7.00 53.00 60.00 NOTE

Check Details

Version: 1.1-7
Check: DESCRIPTION meta-information
Result: NOTE
    Malformed Description field: should contain one or more complete sentences.
Flavors: r-devel-linux-x86_64-debian-clang, r-devel-linux-x86_64-debian-gcc, r-devel-windows-ix86+x86_64, r-patched-linux-x86_64, r-patched-solaris-sparc, r-patched-solaris-x86, r-release-linux-x86_64, r-release-osx-x86_64-mavericks, r-release-windows-ix86+x86_64, r-oldrel-windows-ix86+x86_64

Version: 1.1-7
Check: R code for possible problems
Result: NOTE
    tdt.quad: no visible global function definition for ‘runif’
    tdt.rr: no visible global function definition for ‘pf’
    tdt.rr: no visible global function definition for ‘qbeta’
    Undefined global functions or variables:
     pf qbeta runif
    Consider adding
     importFrom("stats", "pf", "qbeta", "runif")
    to your NAMESPACE file.
Flavors: r-devel-linux-x86_64-debian-clang, r-devel-linux-x86_64-debian-gcc, r-devel-windows-ix86+x86_64, r-patched-linux-x86_64, r-patched-solaris-sparc, r-patched-solaris-x86, r-release-linux-x86_64, r-release-osx-x86_64-mavericks, r-release-windows-ix86+x86_64

Version: 1.1-7
Flags: --no-stop-on-test-error
Check: DESCRIPTION meta-information
Result: NOTE
    Malformed Description field: should contain one or more complete sentences.
Flavors: r-devel-linux-x86_64-fedora-clang, r-devel-linux-x86_64-fedora-gcc, r-devel-macos-x86_64-clang

Version: 1.1-7
Flags: --no-stop-on-test-error
Check: R code for possible problems
Result: NOTE
    tdt.quad: no visible global function definition for ‘runif’
    tdt.rr: no visible global function definition for ‘pf’
    tdt.rr: no visible global function definition for ‘qbeta’
    Undefined global functions or variables:
     pf qbeta runif
    Consider adding
     importFrom("stats", "pf", "qbeta", "runif")
    to your NAMESPACE file.
Flavors: r-devel-linux-x86_64-fedora-clang, r-devel-linux-x86_64-fedora-gcc, r-devel-macos-x86_64-clang