CRAN Package Check Results for Package tdthap

Last updated on 2014-07-29 12:47:32.

Flavor Version Tinstall Tcheck Ttotal Status Flags
r-devel-linux-x86_64-debian-clang 1.1-7 1.23 10.52 11.75 OK
r-devel-linux-x86_64-debian-gcc 1.1-7 1.36 11.95 13.30 OK
r-devel-linux-x86_64-fedora-clang 1.1-7 26.32 OK
r-devel-linux-x86_64-fedora-gcc 1.1-7 25.03 OK
r-devel-osx-x86_64-clang 1.1-7 32.27 OK
r-devel-windows-ix86+x86_64 1.1-7 7.00 23.00 30.00 OK
r-patched-linux-x86_64 1.1-7 1.46 10.56 12.02 OK
r-patched-solaris-sparc 1.1-7 133.60 OK
r-patched-solaris-x86 1.1-7 40.40 OK
r-release-linux-ix86 1.1-7 2.01 17.68 19.69 OK
r-release-linux-x86_64 1.1-7 1.41 11.36 12.77 OK
r-release-osx-x86_64-mavericks 1.1-7 NOTE
r-release-osx-x86_64-snowleopard 1.1-7 OK
r-release-windows-ix86+x86_64 1.1-7 10.00 28.00 38.00 OK
r-oldrel-windows-ix86+x86_64 1.1-7 8.00 24.00 32.00 OK

Check Details

Version: 1.1-7
Check: re-building of vignette outputs
Result: NOTE
    Error in re-building vignettes:
     ...
    Error in texi2dvi(file = file, pdf = TRUE, clean = clean, quiet = quiet, :
     Running 'texi2dvi' on 'tdthap-paper.tex' failed.
    LaTeX errors:
    ! LaTeX Error: File `a4wide.sty' not found.
    
    Type X to quit or <RETURN> to proceed,
    or enter new name. (Default extension: sty)
    
    test/tdthap/vignettes/tdthap-paper.tex:9: ==> Fatal error occurred, no output
    PDF file produced!
    Calls: buildVignettes -> texi2pdf -> texi2dvi
    Execution halted
Flavor: r-release-osx-x86_64-mavericks