CRAN Package Check Results for Package tdthap

Last updated on 2015-08-31 04:49:03.

Flavor Version Tinstall Tcheck Ttotal Status Flags
r-devel-linux-x86_64-debian-clang 1.1-7 1.22 11.02 12.24 NOTE
r-devel-linux-x86_64-debian-gcc 1.1-7 1.36 12.22 13.58 NOTE
r-devel-linux-x86_64-fedora-clang 1.1-7 23.06 NOTE
r-devel-linux-x86_64-fedora-gcc 1.1-7 21.74 NOTE
r-devel-osx-x86_64-clang 1.1-7 28.31 NOTE
r-devel-windows-ix86+x86_64 1.1-7 11.00 29.00 40.00 NOTE
r-patched-linux-x86_64 1.1-7 1.41 12.11 13.52 NOTE
r-patched-solaris-sparc 1.1-7 147.30 NOTE
r-patched-solaris-x86 1.1-7 34.90 NOTE
r-release-linux-x86_64 1.1-7 1.40 13.22 14.62 NOTE
r-release-osx-x86_64-mavericks 1.1-7 NOTE
r-release-windows-ix86+x86_64 1.1-7 13.00 23.00 36.00 NOTE
r-oldrel-windows-ix86+x86_64 1.1-7 12.00 30.00 42.00 OK

Check Details

Version: 1.1-7
Check: DESCRIPTION meta-information
Result: NOTE
    Malformed Description field: should contain one or more complete sentences.
Flavors: r-devel-linux-x86_64-debian-clang, r-devel-linux-x86_64-debian-gcc, r-devel-linux-x86_64-fedora-clang, r-devel-linux-x86_64-fedora-gcc, r-devel-osx-x86_64-clang, r-devel-windows-ix86+x86_64, r-patched-linux-x86_64, r-patched-solaris-sparc, r-patched-solaris-x86, r-release-linux-x86_64, r-release-osx-x86_64-mavericks, r-release-windows-ix86+x86_64

Version: 1.1-7
Check: R code for possible problems
Result: NOTE
    tdt.quad: no visible global function definition for ‘runif’
    tdt.rr: no visible global function definition for ‘pf’
    tdt.rr: no visible global function definition for ‘qbeta’
    Undefined global functions or variables:
     pf qbeta runif
    Consider adding
     importFrom("stats", "pf", "qbeta", "runif")
    to your NAMESPACE.
Flavors: r-devel-linux-x86_64-debian-clang, r-devel-linux-x86_64-debian-gcc, r-devel-linux-x86_64-fedora-clang, r-devel-linux-x86_64-fedora-gcc, r-devel-windows-ix86+x86_64