CRAN Package Check Results for Package tdthap

Last updated on 2015-03-30 21:49:27.

Flavor Version Tinstall Tcheck Ttotal Status Flags
r-devel-linux-x86_64-debian-clang 1.1-7 1.26 11.46 12.72 NOTE
r-devel-linux-x86_64-debian-gcc 1.1-7 1.41 12.10 13.51 NOTE
r-devel-linux-x86_64-fedora-clang 1.1-7 24.56 NOTE
r-devel-linux-x86_64-fedora-gcc 1.1-7 23.79 NOTE
r-devel-osx-x86_64-clang 1.1-7 31.43 NOTE
r-prerel-windows-ix86+x86_64 1.1-7 11.00 34.00 45.00 NOTE
r-prerel-linux-x86_64 1.1-7 1.38 12.49 13.87 NOTE
r-prerel-solaris-sparc 1.1-7 133.20 NOTE
r-prerel-solaris-x86 1.1-7 34.30 NOTE
r-release-linux-x86_64 1.1-7 1.53 13.22 14.75 OK
r-release-osx-x86_64-mavericks 1.1-7 OK
r-release-osx-x86_64-snowleopard 1.1-7 OK
r-release-windows-ix86+x86_64 1.1-7 12.00 30.00 42.00 OK
r-oldrel-windows-ix86+x86_64 1.1-7 8.00 24.00 32.00 OK

Check Details

Version: 1.1-7
Check: DESCRIPTION meta-information
Result: NOTE
    Malformed Description field: should contain one or more complete sentences.
Flavors: r-devel-linux-x86_64-debian-clang, r-devel-linux-x86_64-debian-gcc, r-devel-linux-x86_64-fedora-clang, r-devel-linux-x86_64-fedora-gcc, r-devel-osx-x86_64-clang, r-prerel-windows-ix86+x86_64, r-prerel-linux-x86_64, r-prerel-solaris-sparc, r-prerel-solaris-x86