Last updated on 2024-05-07 11:55:16 CEST.
Flavor | Version | Tinstall | Tcheck | Ttotal | Status | Flags |
---|---|---|---|---|---|---|
r-devel-linux-x86_64-debian-clang | 2019.6 | 14.31 | 526.34 | 540.65 | NOTE | |
r-devel-linux-x86_64-debian-gcc | 2019.6 | 11.16 | 383.18 | 394.34 | NOTE | |
r-devel-linux-x86_64-fedora-clang | 2019.6 | 684.59 | NOTE | |||
r-devel-linux-x86_64-fedora-gcc | 2019.6 | 704.02 | NOTE | |||
r-devel-windows-x86_64 | 2019.6 | 79.00 | 224.00 | 303.00 | NOTE | |
r-patched-linux-x86_64 | 2019.6 | 9.66 | 466.54 | 476.20 | NOTE | |
r-release-linux-x86_64 | 2019.6 | 8.55 | 471.20 | 479.75 | NOTE | |
r-release-macos-arm64 | 2019.6 | 85.00 | NOTE | |||
r-release-windows-x86_64 | 2019.6 | 75.00 | 219.00 | 294.00 | NOTE | |
r-oldrel-macos-arm64 | 2019.6 | 101.00 | NOTE | |||
r-oldrel-macos-x86_64 | 2019.6 | 176.00 | NOTE | |||
r-oldrel-windows-x86_64 | 2019.6 | 73.00 | 265.00 | 338.00 | NOTE |
Version: 2019.6
Check: package dependencies
Result: NOTE
Package suggested but not available for checking: ‘networksis’
Flavors: r-devel-linux-x86_64-debian-clang, r-devel-linux-x86_64-debian-gcc, r-devel-linux-x86_64-fedora-clang, r-devel-linux-x86_64-fedora-gcc, r-devel-windows-x86_64, r-patched-linux-x86_64, r-release-linux-x86_64, r-release-macos-arm64, r-release-windows-x86_64, r-oldrel-macos-arm64, r-oldrel-macos-x86_64, r-oldrel-windows-x86_64
Version: 2019.6
Check: whether startup messages can be suppressed
Result: NOTE
unable to reach CRAN
It looks like this package (or a package it requires) has a startup
message which cannot be suppressed: see ?packageStartupMessage.
Flavors: r-devel-windows-x86_64, r-release-macos-arm64, r-release-windows-x86_64
Version: 2019.6
Check: startup messages can be suppressed
Result: NOTE
unable to reach CRAN
It looks like this package (or a package it requires) has a startup
message which cannot be suppressed: see ?packageStartupMessage.
Flavors: r-oldrel-macos-arm64, r-oldrel-macos-x86_64, r-oldrel-windows-x86_64