Last updated on 2024-04-30 21:50:29 CEST.
Flavor | Version | Tinstall | Tcheck | Ttotal | Status | Flags |
---|---|---|---|---|---|---|
r-devel-linux-x86_64-debian-clang | 3.2.2 | 9.24 | 172.05 | 181.29 | NOTE | |
r-devel-linux-x86_64-debian-gcc | 3.2.2 | 6.91 | 130.38 | 137.29 | NOTE | |
r-devel-linux-x86_64-fedora-clang | 3.2.2 | 193.56 | NOTE | |||
r-devel-linux-x86_64-fedora-gcc | 3.2.2 | 201.53 | NOTE | |||
r-devel-windows-x86_64 | 3.2.2 | 8.00 | 150.00 | 158.00 | NOTE | |
r-patched-linux-x86_64 | 3.2.2 | 8.75 | 168.46 | 177.21 | NOTE | |
r-release-linux-x86_64 | 3.2.2 | 8.76 | 167.14 | 175.90 | NOTE | |
r-release-macos-arm64 | 3.2.2 | 150.00 | NOTE | |||
r-release-windows-x86_64 | 3.2.2 | 8.00 | 146.00 | 154.00 | NOTE | |
r-oldrel-macos-arm64 | 3.2.2 | 76.00 | OK | |||
r-oldrel-macos-x86_64 | 3.2.2 | 372.00 | OK | |||
r-oldrel-windows-x86_64 | 3.2.2 | 10.00 | 158.00 | 168.00 | OK |
Version: 3.2.2
Check: Rd files
Result: NOTE
checkRd: (-1) get_fields.Rd:27: Lost braces
27 | codes, the function will return a warning by default, suggesting setting \code{convert_field_names} to code{TRUE}.
| ^
checkRd: (-1) identify_form_fields.Rd:34: Lost braces
34 | codes, the function will return a warning by default, suggesting setting \code{convert_field_names} to code{TRUE}.
| ^
Flavors: r-devel-linux-x86_64-debian-clang, r-devel-linux-x86_64-debian-gcc, r-devel-linux-x86_64-fedora-clang, r-devel-linux-x86_64-fedora-gcc, r-devel-windows-x86_64, r-patched-linux-x86_64, r-release-linux-x86_64, r-release-macos-arm64, r-release-windows-x86_64