Last updated on 2024-05-08 03:52:30 CEST.
Flavor | Version | Tinstall | Tcheck | Ttotal | Status | Flags |
---|---|---|---|---|---|---|
r-devel-linux-x86_64-debian-clang | 1.1-19 | 13.20 | 129.84 | 143.04 | OK | |
r-devel-linux-x86_64-debian-gcc | 1.1-19 | 14.46 | 96.88 | 111.34 | OK | |
r-devel-linux-x86_64-fedora-clang | 1.1-19 | 201.79 | OK | |||
r-devel-linux-x86_64-fedora-gcc | 1.1-19 | 248.82 | OK | |||
r-devel-windows-x86_64 | 1.1-19 | 18.00 | 101.00 | 119.00 | OK | --no-vignettes |
r-patched-linux-x86_64 | 1.1-19 | 16.12 | 122.13 | 138.25 | OK | |
r-release-linux-x86_64 | 1.1-19 | 17.13 | 122.07 | 139.20 | OK | |
r-release-macos-arm64 | 1.1-19 | 58.00 | OK | |||
r-release-windows-x86_64 | 1.1-19 | 19.00 | 130.00 | 149.00 | OK | --no-vignettes |
r-oldrel-macos-arm64 | 1.1-19 | 66.00 | OK | |||
r-oldrel-macos-x86_64 | 1.1-19 | 103.00 | NOTE | |||
r-oldrel-windows-x86_64 | 1.1-19 | 24.00 | 129.00 | 153.00 | OK | --no-vignettes |
Version: 1.1-19
Check: package dependencies
Result: NOTE
Package suggested but not available for checking: ‘mboost’
Flavor: r-oldrel-macos-x86_64