Last updated on 2024-06-15 19:55:11 CEST.
Flavor | Version | Tinstall | Tcheck | Ttotal | Status | Flags |
---|---|---|---|---|---|---|
r-devel-linux-x86_64-debian-clang | 0.46 | 14.18 | 82.30 | 96.48 | OK | |
r-devel-linux-x86_64-debian-gcc | 0.46 | 7.93 | 63.40 | 71.33 | OK | |
r-devel-linux-x86_64-fedora-clang | 0.46 | 119.19 | OK | |||
r-devel-linux-x86_64-fedora-gcc | 0.46 | 114.22 | OK | |||
r-devel-windows-x86_64 | 0.46 | 12.00 | 96.00 | 108.00 | OK | |
r-patched-linux-x86_64 | 0.46 | 17.18 | 82.93 | 100.11 | OK | |
r-release-linux-x86_64 | 0.46 | 11.50 | 81.50 | 93.00 | OK | |
r-release-macos-arm64 | 0.46 | 35.00 | OK | |||
r-release-macos-x86_64 | 0.46 | 53.00 | OK | |||
r-release-windows-x86_64 | 0.46 | 12.00 | 97.00 | 109.00 | OK | |
r-oldrel-macos-arm64 | 0.46 | 40.00 | OK | |||
r-oldrel-macos-x86_64 | 0.46 | 60.00 | NOTE | |||
r-oldrel-windows-x86_64 | 0.46 | 14.00 | 112.00 | 126.00 | OK |
Version: 0.46
Check: package dependencies
Result: NOTE
Packages suggested but not available for checking:
'raster', 'rasterVis', 'meteoForecast'
Flavor: r-oldrel-macos-x86_64