Last updated on 2024-05-23 12:48:42 CEST.
Flavor | Version | Tinstall | Tcheck | Ttotal | Status | Flags |
---|---|---|---|---|---|---|
r-devel-linux-x86_64-debian-clang | 0.1.0 | 2.11 | 22.40 | 24.51 | NOTE | |
r-devel-linux-x86_64-debian-gcc | 0.1.0 | 2.10 | 17.33 | 19.43 | NOTE | |
r-devel-linux-x86_64-fedora-clang | 0.1.0 | 31.50 | NOTE | |||
r-devel-linux-x86_64-fedora-gcc | 0.1.0 | 29.75 | NOTE | |||
r-devel-windows-x86_64 | 0.1.0 | 3.00 | 35.00 | 38.00 | NOTE | |
r-patched-linux-x86_64 | 0.1.0 | 2.59 | 22.07 | 24.66 | NOTE | |
r-release-linux-x86_64 | 0.1.0 | 2.73 | 21.67 | 24.40 | NOTE | |
r-release-macos-arm64 | 0.1.0 | 13.00 | NOTE | |||
r-release-windows-x86_64 | 0.1.0 | 3.00 | 35.00 | 38.00 | NOTE | |
r-oldrel-macos-arm64 | 0.1.0 | 14.00 | NOTE | |||
r-oldrel-macos-x86_64 | 0.1.0 | 18.00 | NOTE | |||
r-oldrel-windows-x86_64 | 0.1.0 | 4.00 | 35.00 | 39.00 | NOTE |
Version: 0.1.0
Check: LazyData
Result: NOTE
'LazyData' is specified without a 'data' directory
Flavors: r-devel-linux-x86_64-debian-clang, r-devel-linux-x86_64-debian-gcc, r-devel-linux-x86_64-fedora-clang, r-devel-linux-x86_64-fedora-gcc, r-devel-windows-x86_64, r-patched-linux-x86_64, r-release-linux-x86_64, r-release-macos-arm64, r-release-windows-x86_64, r-oldrel-macos-arm64, r-oldrel-macos-x86_64, r-oldrel-windows-x86_64