CRAN Package Check Results for Package snow

Last updated on 2017-10-16 21:48:48.

Flavor Version Tinstall Tcheck Ttotal Status Flags
r-devel-linux-x86_64-debian-clang 0.4-2 0.85 14.85 15.70 NOTE
r-devel-linux-x86_64-debian-gcc 0.4-2 0.84 14.58 15.42 NOTE
r-devel-linux-x86_64-fedora-clang 0.4-2 23.55 NOTE
r-devel-linux-x86_64-fedora-gcc 0.4-2 23.07 NOTE
r-devel-windows-ix86+x86_64 0.4-2 5.00 42.00 47.00 OK
r-patched-linux-x86_64 0.4-2 0.66 14.78 15.44 NOTE
r-patched-solaris-x86 0.4-2 31.90 NOTE
r-release-linux-x86_64 0.4-2 2.62 14.34 16.97 NOTE
r-release-windows-ix86+x86_64 0.4-2 3.00 29.00 32.00 OK
r-release-osx-x86_64 0.4-2 NOTE
r-oldrel-windows-ix86+x86_64 0.4-2 2.00 26.00 28.00 OK
r-oldrel-osx-x86_64 0.4-2 NOTE

Check Details

Version: 0.4-2
Check: S3 generic/method consistency
Result: NOTE
    Found the following apparent S3 methods exported but not registered:
     [.cluster
    See section ‘Registering S3 methods’ in the ‘Writing R Extensions’
    manual.
Flavors: r-devel-linux-x86_64-debian-clang, r-devel-linux-x86_64-debian-gcc, r-devel-linux-x86_64-fedora-clang, r-devel-linux-x86_64-fedora-gcc, r-patched-linux-x86_64, r-patched-solaris-x86, r-release-linux-x86_64

Version: 0.4-2
Check: package dependencies
Result: NOTE
    Package suggested but not available for checking: ‘Rmpi’
Flavors: r-release-osx-x86_64, r-oldrel-osx-x86_64