CRAN Package Check Results for Package snow

Last updated on 2018-04-20 12:49:59 CEST.

Flavor Version Tinstall Tcheck Ttotal Status Flags
r-devel-linux-x86_64-debian-clang 0.4-2 1.69 20.15 21.84 NOTE
r-devel-linux-x86_64-debian-gcc 0.4-2 1.15 15.97 17.12 NOTE
r-devel-linux-x86_64-fedora-clang 0.4-2 26.41 NOTE
r-devel-linux-x86_64-fedora-gcc 0.4-2 25.97 NOTE
r-devel-windows-ix86+x86_64 0.4-2 6.00 46.00 52.00 OK
r-devel-osx-x86_64 0.4-2 NOTE
r-patched-linux-x86_64 0.4-2 1.71 19.49 21.20 NOTE
r-patched-solaris-x86 0.4-2 39.70 NOTE
r-release-linux-x86_64 0.4-2 0.89 19.52 20.41 NOTE
r-release-windows-ix86+x86_64 0.4-2 5.00 42.00 47.00 OK
r-release-osx-x86_64 0.4-2 NOTE
r-oldrel-windows-ix86+x86_64 0.4-2 2.00 26.00 28.00 OK

Check Details

Version: 0.4-2
Check: S3 generic/method consistency
Result: NOTE
    Found the following apparent S3 methods exported but not registered:
     [.cluster
    See section ‘Registering S3 methods’ in the ‘Writing R Extensions’
    manual.
Flavors: r-devel-linux-x86_64-debian-clang, r-devel-linux-x86_64-debian-gcc, r-devel-linux-x86_64-fedora-clang, r-devel-linux-x86_64-fedora-gcc, r-patched-linux-x86_64, r-patched-solaris-x86, r-release-linux-x86_64

Version: 0.4-2
Check: package dependencies
Result: NOTE
    Package suggested but not available for checking: ‘Rmpi’
Flavors: r-devel-osx-x86_64, r-release-osx-x86_64