CRAN Package Check Results for Package snow

Last updated on 2017-04-29 11:52:09.

Flavor Version Tinstall Tcheck Ttotal Status Flags
r-devel-linux-x86_64-debian-clang 0.4-2 0.69 14.44 15.13 OK
r-devel-linux-x86_64-debian-gcc 0.4-2 0.68 13.90 14.57 OK
r-devel-linux-x86_64-fedora-clang 0.4-2 24.82 OK --no-stop-on-test-error
r-devel-linux-x86_64-fedora-gcc 0.4-2 21.40 OK --no-stop-on-test-error
r-devel-windows-ix86+x86_64 0.4-2 5.00 35.00 40.00 OK
r-patched-linux-x86_64 0.4-2 0.68 13.95 14.62 OK
r-patched-solaris-sparc 0.4-2 134.20 OK
r-patched-solaris-x86 0.4-2 31.80 OK
r-release-linux-x86_64 0.4-2 0.66 13.91 14.57 OK
r-release-windows-ix86+x86_64 0.4-2 3.00 26.00 29.00 OK
r-release-osx-x86_64 0.4-2 NOTE
r-oldrel-windows-ix86+x86_64 0.4-2 2.00 26.00 28.00 OK
r-oldrel-osx-x86_64 0.4-2 NOTE

Check Details

Version: 0.4-2
Check: package dependencies
Result: NOTE
    Package suggested but not available for checking: ‘Rmpi’
Flavors: r-release-osx-x86_64, r-oldrel-osx-x86_64