CRAN Package Check Results for Package snow

Last updated on 2018-02-18 21:49:29 CET.

Flavor Version Tinstall Tcheck Ttotal Status Flags
r-devel-linux-x86_64-debian-clang 0.4-2 1.93 19.82 21.75 NOTE
r-devel-linux-x86_64-debian-gcc 0.4-2 1.22 15.59 16.81 NOTE
r-devel-linux-x86_64-fedora-clang 0.4-2 28.65 NOTE
r-devel-linux-x86_64-fedora-gcc 0.4-2 25.72 NOTE
r-devel-windows-ix86+x86_64 0.4-2 6.00 32.00 38.00 OK
r-patched-linux-x86_64 0.4-2 0.65 19.29 19.94 NOTE
r-patched-solaris-x86 0.4-2 33.00 NOTE
r-release-linux-x86_64 0.4-2 0.59 19.08 19.67 NOTE
r-release-windows-ix86+x86_64 0.4-2 3.00 29.00 32.00 OK
r-release-osx-x86_64 0.4-2 NOTE
r-oldrel-windows-ix86+x86_64 0.4-2 2.00 26.00 28.00 OK
r-oldrel-osx-x86_64 0.4-2 NOTE

Check Details

Version: 0.4-2
Check: S3 generic/method consistency
Result: NOTE
    Found the following apparent S3 methods exported but not registered:
     [.cluster
    See section ‘Registering S3 methods’ in the ‘Writing R Extensions’
    manual.
Flavors: r-devel-linux-x86_64-debian-clang, r-devel-linux-x86_64-debian-gcc, r-devel-linux-x86_64-fedora-clang, r-devel-linux-x86_64-fedora-gcc, r-patched-linux-x86_64, r-patched-solaris-x86, r-release-linux-x86_64

Version: 0.4-2
Check: package dependencies
Result: NOTE
    Package suggested but not available for checking: ‘Rmpi’
Flavors: r-release-osx-x86_64, r-oldrel-osx-x86_64