CRAN Package Check Results for Package snow

Last updated on 2016-06-26 20:50:15.

Flavor Version Tinstall Tcheck Ttotal Status Flags
r-devel-linux-x86_64-debian-gcc 0.4-1 0.63 10.92 11.55 OK
r-devel-linux-x86_64-fedora-clang 0.4-1 20.22 OK
r-devel-linux-x86_64-fedora-gcc 0.4-1 17.21 OK
r-devel-osx-x86_64-clang 0.4-1 10.97 OK
r-devel-windows-ix86+x86_64 0.4-1 9.00 29.00 38.00 OK
r-patched-linux-x86_64 0.4-1 0.69 12.56 13.25 OK
r-patched-solaris-sparc 0.4-1 116.40 OK
r-patched-solaris-x86 0.4-1 25.30 OK
r-release-linux-x86_64 0.4-1 0.72 12.29 13.01 OK
r-release-osx-x86_64-mavericks 0.4-1 NOTE
r-release-windows-ix86+x86_64 0.4-1 4.00 26.00 30.00 OK
r-oldrel-windows-ix86+x86_64 0.4-1 4.00 29.00 33.00 OK

Check Details

Version: 0.4-1
Check: package dependencies
Result: NOTE
    Package suggested but not available for checking: ‘Rmpi’
Flavor: r-release-osx-x86_64-mavericks