CRAN Package Check Results for Package snow

Last updated on 2018-06-21 03:49:53 CEST.

Flavor Version Tinstall Tcheck Ttotal Status Flags
r-devel-linux-x86_64-debian-clang 0.4-2 2.06 19.24 21.30 NOTE
r-devel-linux-x86_64-debian-gcc 0.4-2 1.30 16.47 17.77 NOTE
r-devel-linux-x86_64-fedora-clang 0.4-2 27.54 NOTE
r-devel-linux-x86_64-fedora-gcc 0.4-2 25.39 NOTE
r-devel-windows-ix86+x86_64 0.4-2 6.00 32.00 38.00 OK
r-patched-linux-x86_64 0.4-2 1.67 20.15 21.82 NOTE
r-patched-solaris-x86 0.4-2 40.50 NOTE
r-release-linux-x86_64 0.4-2 1.17 19.82 20.99 NOTE
r-release-windows-ix86+x86_64 0.4-2 7.00 30.00 37.00 OK
r-release-osx-x86_64 0.4-2 NOTE
r-oldrel-windows-ix86+x86_64 0.4-2 5.00 42.00 47.00 OK
r-oldrel-osx-x86_64 0.4-2 NOTE

Check Details

Version: 0.4-2
Check: S3 generic/method consistency
Result: NOTE
    Found the following apparent S3 methods exported but not registered:
     [.cluster
    See section ‘Registering S3 methods’ in the ‘Writing R Extensions’
    manual.
Flavors: r-devel-linux-x86_64-debian-clang, r-devel-linux-x86_64-debian-gcc, r-devel-linux-x86_64-fedora-clang, r-devel-linux-x86_64-fedora-gcc, r-patched-linux-x86_64, r-patched-solaris-x86, r-release-linux-x86_64

Version: 0.4-2
Check: package dependencies
Result: NOTE
    Package suggested but not available for checking: ‘Rmpi’
Flavors: r-release-osx-x86_64, r-oldrel-osx-x86_64