Last updated on 2024-05-21 12:53:06 CEST.
Flavor | Version | Tinstall | Tcheck | Ttotal | Status | Flags |
---|---|---|---|---|---|---|
r-devel-linux-x86_64-debian-clang | 0.8.1 | 2.38 | 27.63 | 30.01 | NOTE | |
r-devel-linux-x86_64-debian-gcc | 0.8.1 | 1.84 | 21.26 | 23.10 | NOTE | |
r-devel-linux-x86_64-fedora-clang | 0.8.1 | 38.36 | NOTE | |||
r-devel-linux-x86_64-fedora-gcc | 0.8.1 | 39.04 | NOTE | |||
r-devel-windows-x86_64 | 0.8.1 | 3.00 | 43.00 | 46.00 | NOTE | |
r-patched-linux-x86_64 | 0.8.1 | 2.13 | 26.54 | 28.67 | NOTE | |
r-release-linux-x86_64 | 0.8.1 | 2.42 | 26.11 | 28.53 | NOTE | |
r-release-macos-arm64 | 0.8.1 | 18.00 | NOTE | |||
r-release-windows-x86_64 | 0.8.1 | 3.00 | 43.00 | 46.00 | NOTE | |
r-oldrel-macos-arm64 | 0.8.1 | 20.00 | NOTE | |||
r-oldrel-macos-x86_64 | 0.8.1 | 24.00 | NOTE | |||
r-oldrel-windows-x86_64 | 0.8.1 | 3.00 | 45.00 | 48.00 | NOTE |
Version: 0.8.1
Check: package subdirectories
Result: NOTE
Problems with news in ‘NEWS.md’:
No news entries found.
Flavors: r-devel-linux-x86_64-debian-clang, r-devel-linux-x86_64-debian-gcc, r-devel-linux-x86_64-fedora-clang, r-devel-linux-x86_64-fedora-gcc, r-devel-windows-x86_64, r-patched-linux-x86_64, r-release-linux-x86_64, r-release-macos-arm64, r-release-windows-x86_64, r-oldrel-macos-arm64, r-oldrel-macos-x86_64, r-oldrel-windows-x86_64