Last updated on 2024-05-23 12:48:42 CEST.
Flavor | Version | Tinstall | Tcheck | Ttotal | Status | Flags |
---|---|---|---|---|---|---|
r-devel-linux-x86_64-debian-clang | 0.1.0 | 4.69 | 141.25 | 145.94 | OK | |
r-devel-linux-x86_64-debian-gcc | 0.1.0 | 4.15 | 107.05 | 111.20 | OK | |
r-devel-linux-x86_64-fedora-clang | 0.1.0 | 184.02 | OK | |||
r-devel-linux-x86_64-fedora-gcc | 0.1.0 | 195.13 | OK | |||
r-devel-windows-x86_64 | 0.1.0 | 7.00 | 141.00 | 148.00 | OK | |
r-patched-linux-x86_64 | 0.1.0 | 6.41 | 136.22 | 142.63 | OK | |
r-release-linux-x86_64 | 0.1.0 | 5.61 | 136.86 | 142.47 | OK | |
r-release-macos-arm64 | 0.1.0 | 64.00 | ERROR | |||
r-release-macos-x86_64 | 0.1.0 | 161.00 | OK | |||
r-release-windows-x86_64 | 0.1.0 | 7.00 | 139.00 | 146.00 | OK | |
r-oldrel-macos-arm64 | 0.1.0 | 76.00 | ERROR | |||
r-oldrel-macos-x86_64 | 0.1.0 | 145.00 | OK | |||
r-oldrel-windows-x86_64 | 0.1.0 | 8.00 | 162.00 | 170.00 | ERROR |
Version: 0.1.0
Check: re-building of vignette outputs
Result: ERROR
Error(s) in re-building vignettes:
...
--- re-building ‘sim.BA.Rmd’ using rmarkdown
File images/dag.png not found in resource path
Error: processing vignette 'sim.BA.Rmd' failed with diagnostics:
pandoc document conversion failed with error 99
--- failed re-building ‘sim.BA.Rmd’
SUMMARY: processing the following file failed:
‘sim.BA.Rmd’
Error: Vignette re-building failed.
Execution halted
Flavors: r-release-macos-arm64, r-oldrel-macos-arm64
Version: 0.1.0
Check: re-building of vignette outputs
Result: ERROR
Error(s) in re-building vignettes:
--- re-building 'sim.BA.Rmd' using rmarkdown
File images/dag.png not found in resource path
Error: processing vignette 'sim.BA.Rmd' failed with diagnostics:
pandoc document conversion failed with error 99
--- failed re-building 'sim.BA.Rmd'
SUMMARY: processing the following file failed:
'sim.BA.Rmd'
Error: Vignette re-building failed.
Execution halted
Flavor: r-oldrel-windows-x86_64