Last updated on 2024-04-23 21:54:58 CEST.
Flavor | Version | Tinstall | Tcheck | Ttotal | Status | Flags |
---|---|---|---|---|---|---|
r-devel-linux-x86_64-debian-clang | 1.8.1.1 | 41.82 | 177.40 | 219.22 | OK | |
r-devel-linux-x86_64-debian-gcc | 1.8.1.1 | 33.46 | 126.27 | 159.73 | OK | |
r-devel-linux-x86_64-fedora-clang | 1.8.1.1 | 266.22 | NOTE | |||
r-devel-linux-x86_64-fedora-gcc | 1.8.1.1 | 251.30 | OK | |||
r-prerel-macos-arm64 | 1.8.1.1 | 70.00 | NOTE | |||
r-prerel-macos-x86_64 | 1.8.1.1 | 224.00 | NOTE | |||
r-prerel-windows-x86_64 | 1.8.1.1 | 37.00 | 172.00 | 209.00 | NOTE | |
r-patched-linux-x86_64 | 1.8.1.1 | 48.51 | 157.82 | 206.33 | OK | |
r-release-linux-x86_64 | 1.8.1.1 | 37.24 | 169.72 | 206.96 | OK | |
r-release-macos-arm64 | 1.8.1.1 | 82.00 | NOTE | |||
r-release-macos-x86_64 | 1.8.1.1 | 178.00 | NOTE | |||
r-release-windows-x86_64 | 1.8.1.1 | 49.00 | 215.00 | 264.00 | NOTE | |
r-oldrel-macos-arm64 | 1.8.1.1 | 83.00 | NOTE | |||
r-oldrel-windows-x86_64 | 1.8.1.1 | 49.00 | 179.00 | 228.00 | NOTE |
Version: 1.8.1.1
Check: installed package size
Result: NOTE
installed size is 13.4Mb
sub-directories of 1Mb or more:
R 1.5Mb
www 10.3Mb
Flavors: r-devel-linux-x86_64-fedora-clang, r-prerel-macos-arm64, r-prerel-macos-x86_64, r-prerel-windows-x86_64, r-release-macos-arm64, r-release-macos-x86_64, r-release-windows-x86_64, r-oldrel-macos-arm64, r-oldrel-windows-x86_64