Last updated on 2024-05-08 05:56:32 CEST.
Flavor | Version | Tinstall | Tcheck | Ttotal | Status | Flags |
---|---|---|---|---|---|---|
r-devel-linux-x86_64-debian-clang | 1.0-0 | 9.66 | 102.69 | 112.35 | NOTE | |
r-devel-linux-x86_64-debian-gcc | 1.0-0 | 8.32 | 73.95 | 82.27 | NOTE | |
r-devel-linux-x86_64-fedora-clang | 1.0-0 | 148.85 | NOTE | |||
r-devel-linux-x86_64-fedora-gcc | 1.0-0 | 189.03 | NOTE | |||
r-devel-windows-x86_64 | 1.0-0 | 11.00 | 90.00 | 101.00 | NOTE | |
r-patched-linux-x86_64 | 1.0-0 | 11.24 | 94.60 | 105.84 | NOTE | |
r-release-linux-x86_64 | 1.0-0 | 10.36 | 95.78 | 106.14 | NOTE | |
r-release-macos-arm64 | 1.0-0 | 38.00 | NOTE | |||
r-release-windows-x86_64 | 1.0-0 | 10.00 | 88.00 | 98.00 | NOTE | |
r-oldrel-macos-arm64 | 1.0-0 | 44.00 | NOTE | |||
r-oldrel-macos-x86_64 | 1.0-0 | 69.00 | NOTE | |||
r-oldrel-windows-x86_64 | 1.0-0 | 14.00 | 108.00 | 122.00 | NOTE |
Version: 1.0-0
Check: Rd files
Result: NOTE
checkRd: (-1) hyperpar.Rd:17: Lost braces
17 | \item{c}{denotes the expected range of eqn{f} .}
| ^
Flavors: r-devel-linux-x86_64-debian-clang, r-devel-linux-x86_64-debian-gcc, r-devel-linux-x86_64-fedora-clang, r-devel-linux-x86_64-fedora-gcc, r-devel-windows-x86_64, r-patched-linux-x86_64, r-release-linux-x86_64, r-release-macos-arm64, r-release-windows-x86_64
Version: 1.0-0
Check: LazyData
Result: NOTE
'LazyData' is specified without a 'data' directory
Flavors: r-devel-linux-x86_64-debian-clang, r-devel-linux-x86_64-debian-gcc, r-devel-linux-x86_64-fedora-clang, r-devel-linux-x86_64-fedora-gcc, r-devel-windows-x86_64, r-patched-linux-x86_64, r-release-linux-x86_64, r-release-macos-arm64, r-release-windows-x86_64, r-oldrel-macos-arm64, r-oldrel-macos-x86_64, r-oldrel-windows-x86_64