Last updated on 2024-03-29 06:56:39 CET.
Flavor | Version | Tinstall | Tcheck | Ttotal | Status | Flags |
---|---|---|---|---|---|---|
r-devel-linux-x86_64-debian-clang | 1.3.0 | 8.62 | 95.81 | 104.43 | OK | |
r-devel-linux-x86_64-debian-gcc | 1.3.0 | 7.87 | 71.76 | 79.63 | OK | |
r-devel-linux-x86_64-fedora-clang | 1.3.0 | 128.45 | OK | |||
r-devel-linux-x86_64-fedora-gcc | 1.3.0 | 125.84 | OK | |||
r-devel-windows-x86_64 | 1.3.0 | 10.00 | 108.00 | 118.00 | OK | |
r-patched-linux-x86_64 | 1.3.0 | 12.71 | 93.86 | 106.57 | OK | |
r-release-linux-x86_64 | 1.3.0 | 11.83 | 95.56 | 107.39 | OK | |
r-release-macos-arm64 | 1.3.0 | 44.00 | OK | |||
r-release-macos-x86_64 | 1.3.0 | 107.00 | OK | |||
r-release-windows-x86_64 | 1.3.0 | 13.00 | 126.00 | 139.00 | OK | |
r-oldrel-macos-arm64 | 1.3.0 | 40.00 | OK | |||
r-oldrel-windows-x86_64 | 1.3.0 | 12.00 | 104.00 | 116.00 | WARN |
Version: 1.3.0
Check: R files for syntax errors
Result: WARN
Warning in file 'R/label-number.R':
unable to translate '<U+03BC>s' to native encoding
Flavor: r-oldrel-windows-x86_64