Last updated on 2024-04-30 21:50:25 CEST.
Flavor | Version | Tinstall | Tcheck | Ttotal | Status | Flags |
---|---|---|---|---|---|---|
r-devel-linux-x86_64-debian-clang | 1.2.2 | 11.01 | 179.40 | 190.41 | OK | |
r-devel-linux-x86_64-debian-gcc | 1.2.2 | 8.33 | 127.03 | 135.36 | OK | |
r-devel-linux-x86_64-fedora-clang | 1.2.2 | 270.85 | OK | |||
r-devel-linux-x86_64-fedora-gcc | 1.2.2 | 280.38 | OK | |||
r-devel-windows-x86_64 | 1.2.2 | 10.00 | 125.00 | 135.00 | OK | |
r-patched-linux-x86_64 | 1.2.2 | 12.60 | 172.04 | 184.64 | ERROR | |
r-release-linux-x86_64 | 1.2.2 | 9.62 | 171.58 | 181.20 | OK | |
r-release-macos-arm64 | 1.2.2 | 65.00 | OK | |||
r-release-macos-x86_64 | 1.2.2 | 169.00 | OK | |||
r-release-windows-x86_64 | 1.2.2 | 10.00 | 127.00 | 137.00 | OK | |
r-oldrel-macos-arm64 | 1.2.2 | 67.00 | OK | |||
r-oldrel-macos-x86_64 | 1.2.2 | 123.00 | OK | |||
r-oldrel-windows-x86_64 | 1.2.2 | 12.00 | 146.00 | 158.00 | OK |
Version: 1.2.2
Check: tests
Result: ERROR
Running ‘testthat.R’ [101s/73s]
Running the tests in ‘tests/testthat.R’ failed.
Complete output:
> library(testthat)
> library(rsconnect)
>
> test_check("rsconnect")
Starting 2 test processes
[ FAIL 5 | WARN 0 | SKIP 135 | PASS 640 ]
══ Skipped tests (135) ═════════════════════════════════════════════════════════
• On CRAN (133): 'test-accounts.R:26:3', 'test-accounts.R:34:3',
'test-appDependencies.R:2:3', 'test-appDependencies.R:13:3',
'test-appDependencies.R:60:3', 'test-appDependencies.R:75:3',
'test-account-find.R:2:3', 'test-account-find.R:10:3',
'test-account-find.R:18:3', 'test-account-find.R:33:3',
'test-account-find.R:49:3', 'test-appMetadata.R:16:3',
'test-appMetadata.R:21:3', 'test-appMetadata.R:68:3',
'test-appMetadata.R:250:3', 'test-applications.R:34:3', 'test-bundle.R:2:3',
'test-bundle.R:13:3', 'test-bundle.R:28:3', 'test-bundle.R:40:3',
'test-bundle.R:53:3', 'test-bundle.R:66:3', 'test-bundle.R:79:3',
'test-bundle.R:98:3', 'test-bundle.R:117:3', 'test-bundle.R:134:3',
'test-bundle.R:203:3', 'test-bundleFiles.R:10:3', 'test-bundleFiles.R:16:3',
'test-bundleFiles.R:37:3', 'test-bundleFiles.R:54:3',
'test-bundleFiles.R:225:3', 'test-bundleFiles.R:283:3',
'test-bundleFiles.R:304:3', 'test-bundlePackage.R:20:3',
'test-bundlePackage.R:35:3', 'test-bundlePackage.R:99:3',
'test-appMetadata-quarto.R:48:3', 'test-appMetadata-quarto.R:126:3',
'test-appMetadata-quarto.R:153:3', 'test-bundlePackagePackrat.R:22:3',
'test-bundlePackagePackrat.R:40:3', 'test-bundlePython.R:2:3',
'test-bundlePython.R:25:3', 'test-bundlePython.R:40:3',
'test-bundlePython.R:49:3', 'test-bundlePython.R:60:3',
'test-client-cloud.R:802:3', 'test-client-connect.R:20:3',
'test-cookies.R:68:3', 'test-deployApp.R:2:3', 'test-deployApp.R:9:3',
'test-deployApp.R:16:3', 'test-deployApp.R:30:3', 'test-deployApp.R:63:3',
'test-deployApp.R:80:3', 'test-deployApp.R:96:3', 'test-deployDoc.R:2:3',
'test-deployDoc.R:9:3', 'test-deployDoc.R:18:3', 'test-deployDoc.R:29:3',
'test-deployDoc.R:44:3', 'test-deployDoc.R:55:3', 'test-deployDoc.R:66:3',
'test-deployDoc.R:77:3', 'test-deployDoc.R:88:3', 'test-deployDoc.R:99:3',
'test-deployDoc.R:110:3', 'test-bundlePackageRenv.R:4:3',
'test-bundlePackageRenv.R:11:3', 'test-bundlePackageRenv.R:20:3',
'test-bundlePackageRenv.R:32:3', 'test-bundlePackageRenv.R:40:3',
'test-bundlePackageRenv.R:72:3', 'test-deploymentTarget.R:4:3',
'test-deploymentTarget.R:12:3', 'test-deploymentTarget.R:28:3',
'test-deploymentTarget.R:148:3', 'test-deploymentTarget.R:175:3',
'test-deploymentTarget.R:318:3', 'test-deploymentTarget.R:460:3',
'test-deploymentTarget.R:471:3', 'test-deployments-find.R:6:3',
'test-deployments-find.R:45:3', 'test-deployments.R:191:3',
'test-http-libcurl.R:23:3', 'test-http-libcurl.R:29:3', 'test-http.R:3:3',
'test-http.R:56:3', 'test-http.R:90:3', 'test-http.R:129:3',
'test-http.R:158:3', 'test-http.R:167:3', 'test-ide.R:2:3',
'test-ide.R:11:3', 'test-ide.R:18:3', 'test-ide.R:27:3', 'test-ide.R:36:3',
'test-ide.R:47:3', 'test-lint.R:2:3', 'test-linters.R:7:3',
'test-secret.R:6:3', 'test-servers-deprec.R:2:3',
'test-writeManifest.R:11:3', 'test-writeManifest.R:25:3',
'test-writeManifest.R:36:3', 'test-writeManifest.R:52:3',
'test-writeManifest.R:68:3', 'test-writeManifest.R:77:3',
'test-writeManifest.R:95:3', 'test-writeManifest.R:107:3',
'test-writeManifest.R:120:3', 'test-writeManifest.R:133:3',
'test-writeManifest.R:146:3', 'test-writeManifest.R:157:3',
'test-writeManifest.R:169:3', 'test-writeManifest.R:186:3',
'test-writeManifest.R:205:3', 'test-writeManifest.R:213:3',
'test-writeManifest.R:224:3', 'test-writeManifest.R:232:3',
'test-writeManifest.R:246:3', 'test-writeManifest.R:273:3',
'test-servers.R:19:3', 'test-servers.R:23:3', 'test-servers.R:32:3',
'test-servers.R:53:3', 'test-servers.R:66:3', 'test-servers.R:73:3',
'test-servers.R:118:3', 'test-servers.R:178:3', 'test-servers.R:192:3',
'test-servers.R:202:3'
• On Linux (2): 'test-locale.R:2:3', 'test-locale.R:9:3'
══ Failed tests ════════════════════════════════════════════════════════════════
── Error ('test-bundlePackage.R:4:3'): can snapshot deps with renv ─────────────
Error in `renv_snapshot_validate_report(valid, prompt, force)`: aborting snapshot due to pre-flight validation failure
Backtrace:
▆
1. └─testthat::expect_snapshot(pkgs <- bundlePackages(app_dir)) at test-bundlePackage.R:4:3
2. └─rlang::cnd_signal(state$error)
── Error ('test-bundlePackage.R:49:3'): can capture deps from renv lockfile ────
Error in `renv_snapshot_validate_report(valid, prompt, force)`: aborting snapshot due to pre-flight validation failure
Backtrace:
▆
1. └─renv::snapshot(app_dir, prompt = FALSE) at test-bundlePackage.R:49:3
2. └─renv:::renv_snapshot_validate_report(valid, prompt, force)
── Error ('test-bundlePackage.R:67:3'): can capture deps with packrat even when renv lockfile present ──
Error in `renv_snapshot_validate_report(valid, prompt, force)`: aborting snapshot due to pre-flight validation failure
Backtrace:
▆
1. └─renv::snapshot(app_dir, prompt = FALSE) at test-bundlePackage.R:67:3
2. └─renv:::renv_snapshot_validate_report(valid, prompt, force)
── Error ('test-bundlePackageRenv.R:91:3'): gets DESCRIPTION from renv & system libraries ──
Error in `renv_snapshot_validate_report(valid, prompt, force)`: aborting snapshot due to pre-flight validation failure
Backtrace:
▆
1. └─renv::snapshot(app_dir, prompt = FALSE) at test-bundlePackageRenv.R:91:3
2. └─renv:::renv_snapshot_validate_report(valid, prompt, force)
── Error ('test-bundlePackageRenv.R:106:3'): errors if library and project are inconsistent ──
Error in `renv_snapshot_validate_report(valid, prompt, force)`: aborting snapshot due to pre-flight validation failure
Backtrace:
▆
1. └─renv::snapshot(app_dir, prompt = FALSE) at test-bundlePackageRenv.R:106:3
2. └─renv:::renv_snapshot_validate_report(valid, prompt, force)
[ FAIL 5 | WARN 0 | SKIP 135 | PASS 640 ]
Error: Test failures
Execution halted
Flavor: r-patched-linux-x86_64