Last updated on 2024-04-27 21:20:34 CEST.
Flavor | Version | Tinstall | Tcheck | Ttotal | Status | Flags |
---|---|---|---|---|---|---|
r-devel-linux-x86_64-debian-clang | 0.1 | 24.68 | 26.36 | 51.04 | NOTE | |
r-devel-linux-x86_64-debian-gcc | 0.1 | 15.75 | 20.49 | 36.24 | NOTE | |
r-devel-linux-x86_64-fedora-clang | 0.1 | 67.77 | NOTE | |||
r-devel-linux-x86_64-fedora-gcc | 0.1 | 63.16 | NOTE | |||
r-devel-windows-x86_64 | 0.1 | 17.00 | 59.00 | 76.00 | NOTE | |
r-patched-linux-x86_64 | 0.1 | 20.13 | 25.60 | 45.73 | NOTE | |
r-release-linux-x86_64 | 0.1 | 19.41 | 25.75 | 45.16 | NOTE | |
r-release-macos-arm64 | 0.1 | 20.00 | NOTE | |||
r-release-windows-x86_64 | 0.1 | 17.00 | 59.00 | 76.00 | NOTE | |
r-oldrel-macos-arm64 | 0.1 | 21.00 | NOTE | |||
r-oldrel-macos-x86_64 | 0.1 | 30.00 | NOTE | |||
r-oldrel-windows-x86_64 | 0.1 | 21.00 | 144.00 | 165.00 | NOTE |
Version: 0.1
Check: LazyData
Result: NOTE
'LazyData' is specified without a 'data' directory
Flavors: r-devel-linux-x86_64-debian-clang, r-devel-linux-x86_64-debian-gcc, r-devel-linux-x86_64-fedora-clang, r-devel-linux-x86_64-fedora-gcc, r-devel-windows-x86_64, r-patched-linux-x86_64, r-release-linux-x86_64, r-release-macos-arm64, r-release-windows-x86_64, r-oldrel-macos-arm64, r-oldrel-macos-x86_64, r-oldrel-windows-x86_64
Version: 0.1
Check: compiled code
Result: NOTE
File ‘rkvo/libs/rkvo.so’:
Found no calls to: ‘R_registerRoutines’, ‘R_useDynamicSymbols’
It is good practice to register native routines and to disable symbol
search.
See ‘Writing portable packages’ in the ‘Writing R Extensions’ manual.
Flavors: r-devel-linux-x86_64-fedora-clang, r-devel-linux-x86_64-fedora-gcc