CRAN Package Check Results for Package ringscale

Last updated on 2015-04-18 03:50:25.

Flavor Version Tinstall Tcheck Ttotal Status Flags
r-devel-linux-x86_64-debian-clang 0.1.2 0.74 11.09 11.82 NOTE
r-devel-linux-x86_64-debian-gcc 0.1.2 0.68 11.01 11.69 NOTE
r-devel-linux-x86_64-fedora-clang 0.1.2 21.84 NOTE
r-devel-linux-x86_64-fedora-gcc 0.1.2 20.18 NOTE
r-devel-osx-x86_64-clang 0.1.2 26.95 NOTE
r-prerel-windows-ix86+x86_64 0.1.2 4.00 19.00 23.00 NOTE
r-prerel-linux-x86_64 0.1.2 0.64 10.83 11.47 NOTE
r-prerel-solaris-sparc 0.1.2 147.40 NOTE
r-prerel-solaris-x86 0.1.2 33.70 NOTE
r-release-linux-x86_64 0.1.2 0.70 11.62 12.32 NOTE
r-release-osx-x86_64-mavericks 0.1.2 NOTE
r-release-osx-x86_64-snowleopard 0.1.2 NOTE
r-release-windows-ix86+x86_64 0.1.2 5.00 22.00 27.00 NOTE
r-oldrel-windows-ix86+x86_64 0.1.2 3.00 29.00 32.00 NOTE

Check Details

Version: 0.1.2
Check: dependencies in R code
Result: NOTE
    'library' or 'require' calls to packages already attached by Depends:
     ‘FITSio’ ‘tcltk’
     Please remove these calls from your code.
Flavors: r-devel-linux-x86_64-debian-clang, r-devel-linux-x86_64-debian-gcc, r-devel-linux-x86_64-fedora-clang, r-devel-linux-x86_64-fedora-gcc, r-devel-osx-x86_64-clang, r-prerel-windows-ix86+x86_64, r-prerel-linux-x86_64, r-prerel-solaris-sparc, r-prerel-solaris-x86, r-release-linux-x86_64, r-release-windows-ix86+x86_64

Version: 0.1.2
Check: R code for possible problems
Result: NOTE
    NB: .First.lib is obsolete and will not be used in R >= 3.0.0
    File ‘ringscale/R/zzz.R’:
     .First.lib calls:
     cat("The ringscale package has been loaded\nFor some help, try '?ringscale' or visit http://ringscale.haase-zm.de\nFor a quick start, use 'analyze()'\n")
    
    Package startup functions should use ‘packageStartupMessage’ to
     generate messages.
    See section ‘Good practice’ in '?.onAttach'.
Flavors: r-devel-linux-x86_64-debian-clang, r-devel-linux-x86_64-debian-gcc, r-devel-linux-x86_64-fedora-clang, r-devel-linux-x86_64-fedora-gcc, r-devel-osx-x86_64-clang, r-prerel-windows-ix86+x86_64, r-prerel-linux-x86_64, r-prerel-solaris-sparc, r-prerel-solaris-x86, r-release-linux-x86_64, r-release-osx-x86_64-mavericks, r-release-osx-x86_64-snowleopard, r-release-windows-ix86+x86_64, r-oldrel-windows-ix86+x86_64

Version: 0.1.2
Check: dependencies in R code
Result: NOTE
    'library' or 'require' calls to packages already attached by Depends:
     ‘FITSio’ ‘tcltk’
     Please remove these calls from your code.
    See the information on DESCRIPTION files in the chapter ‘Creating R
    packages’ of the ‘Writing R Extensions’ manual.
Flavors: r-release-osx-x86_64-mavericks, r-release-osx-x86_64-snowleopard, r-oldrel-windows-ix86+x86_64