Last updated on 2024-06-15 19:55:08 CEST.
Flavor | Version | Tinstall | Tcheck | Ttotal | Status | Flags |
---|---|---|---|---|---|---|
r-devel-linux-x86_64-debian-clang | 1.0.17 | 30.73 | 186.14 | 216.87 | OK | |
r-devel-linux-x86_64-debian-gcc | 1.0.17 | 19.10 | 134.01 | 153.11 | OK | |
r-devel-linux-x86_64-fedora-clang | 1.0.17 | 263.81 | NOTE | |||
r-devel-linux-x86_64-fedora-gcc | 1.0.17 | 266.53 | NOTE | |||
r-devel-windows-x86_64 | 1.0.17 | 22.00 | 152.00 | 174.00 | OK | |
r-patched-linux-x86_64 | 1.0.17 | 29.67 | 172.46 | 202.13 | OK | |
r-release-linux-x86_64 | 1.0.17 | 25.01 | 177.58 | 202.59 | OK | |
r-release-macos-arm64 | 1.0.17 | 66.00 | OK | |||
r-release-macos-x86_64 | 1.0.17 | 110.00 | OK | |||
r-release-windows-x86_64 | 1.0.17 | 24.00 | 155.00 | 179.00 | OK | |
r-oldrel-macos-arm64 | 1.0.17 | 70.00 | OK | |||
r-oldrel-macos-x86_64 | 1.0.17 | 211.00 | OK | |||
r-oldrel-windows-x86_64 | 1.0.17 | 29.00 | 187.00 | 216.00 | OK |
Version: 1.0.17
Check: data for non-ASCII characters
Result: NOTE
Note: found 1036 marked UTF-8 strings
Flavors: r-devel-linux-x86_64-fedora-clang, r-devel-linux-x86_64-fedora-gcc