Last updated on 2024-05-23 12:48:36 CEST.
Flavor | Version | Tinstall | Tcheck | Ttotal | Status | Flags |
---|---|---|---|---|---|---|
r-devel-linux-x86_64-debian-clang | 1.1.0-0 | 38.42 | 30.68 | 69.10 | NOTE | |
r-devel-linux-x86_64-debian-gcc | 1.1.0-0 | 29.31 | 25.37 | 54.68 | NOTE | |
r-devel-linux-x86_64-fedora-clang | 1.1.0-0 | 100.34 | NOTE | |||
r-devel-linux-x86_64-fedora-gcc | 1.1.0-0 | 107.10 | NOTE | |||
r-devel-windows-x86_64 | 1.1.0-0 | 32.00 | 65.00 | 97.00 | NOTE | |
r-patched-linux-x86_64 | 1.1.0-0 | 34.66 | 32.22 | 66.88 | NOTE | |
r-release-linux-x86_64 | 1.1.0-0 | 44.44 | 30.56 | 75.00 | NOTE | |
r-release-macos-arm64 | 1.1.0-0 | 29.00 | NOTE | |||
r-release-windows-x86_64 | 1.1.0-0 | 30.00 | 65.00 | 95.00 | NOTE | |
r-oldrel-macos-arm64 | 1.1.0-0 | 32.00 | NOTE | |||
r-oldrel-macos-x86_64 | 1.1.0-0 | 48.00 | NOTE | |||
r-oldrel-windows-x86_64 | 1.1.0-0 | 39.00 | 73.00 | 112.00 | NOTE |
Version: 1.1.0-0
Check: C++ specification
Result: NOTE
Specified C++11: please drop specification unless essential
Flavors: r-devel-linux-x86_64-debian-clang, r-devel-linux-x86_64-debian-gcc, r-devel-linux-x86_64-fedora-clang, r-devel-linux-x86_64-fedora-gcc, r-devel-windows-x86_64, r-patched-linux-x86_64, r-release-linux-x86_64, r-release-macos-arm64, r-release-windows-x86_64, r-oldrel-macos-arm64, r-oldrel-macos-x86_64, r-oldrel-windows-x86_64
Version: 1.1.0-0
Check: installed package size
Result: NOTE
installed size is 9.2Mb
sub-directories of 1Mb or more:
libs 9.0Mb
Flavors: r-release-macos-arm64, r-oldrel-macos-arm64, r-oldrel-macos-x86_64