Last updated on 2024-05-19 11:59:51 CEST.
Flavor | Version | Tinstall | Tcheck | Ttotal | Status | Flags |
---|---|---|---|---|---|---|
r-devel-linux-x86_64-debian-clang | 2.1 | 5.56 | 53.19 | 58.75 | NOTE | |
r-devel-linux-x86_64-debian-gcc | 2.1 | 3.93 | 41.17 | 45.10 | NOTE | |
r-devel-linux-x86_64-fedora-clang | 2.1 | 75.95 | NOTE | |||
r-devel-linux-x86_64-fedora-gcc | 2.1 | 124.18 | NOTE | |||
r-devel-windows-x86_64 | 2.1 | 5.00 | 66.00 | 71.00 | NOTE | |
r-patched-linux-x86_64 | 2.1 | 6.28 | 52.80 | 59.08 | NOTE | |
r-release-linux-x86_64 | 2.1 | 4.78 | 52.96 | 57.74 | NOTE | |
r-release-macos-arm64 | 2.1 | 26.00 | NOTE | |||
r-release-windows-x86_64 | 2.1 | 6.00 | 66.00 | 72.00 | NOTE | |
r-oldrel-macos-arm64 | 2.1 | 26.00 | OK | |||
r-oldrel-macos-x86_64 | 2.1 | 38.00 | OK | |||
r-oldrel-windows-x86_64 | 2.1 | 7.00 | 71.00 | 78.00 | OK |
Version: 2.1
Check: Rd files
Result: NOTE
checkRd: (-1) get.psid.Rd:14: Lost braces
14 | \item{params}{postForm{RCurl} parameters}
| ^
checkRd: (-1) get.psid.Rd:16: Lost braces
16 | \item{curl}{postForm{RCurl} curl handle}
| ^
Flavors: r-devel-linux-x86_64-debian-clang, r-devel-linux-x86_64-debian-gcc, r-devel-linux-x86_64-fedora-clang, r-devel-linux-x86_64-fedora-gcc, r-devel-windows-x86_64, r-patched-linux-x86_64, r-release-linux-x86_64, r-release-macos-arm64, r-release-windows-x86_64