Last updated on 2024-05-23 12:48:35 CEST.
Flavor | Version | Tinstall | Tcheck | Ttotal | Status | Flags |
---|---|---|---|---|---|---|
r-devel-linux-x86_64-debian-clang | 1.0.1 | 2.34 | 73.52 | 75.86 | OK | |
r-devel-linux-x86_64-debian-gcc | 1.0.1 | 2.59 | 53.14 | 55.73 | OK | |
r-devel-linux-x86_64-fedora-clang | 1.0.1 | 96.41 | NOTE | |||
r-devel-linux-x86_64-fedora-gcc | 1.0.1 | 103.23 | NOTE | |||
r-devel-windows-x86_64 | 1.0.1 | 4.00 | 103.00 | 107.00 | OK | |
r-patched-linux-x86_64 | 1.0.1 | 2.43 | 67.96 | 70.39 | OK | |
r-release-linux-x86_64 | 1.0.1 | 2.03 | 68.81 | 70.84 | OK | |
r-release-macos-arm64 | 1.0.1 | 37.00 | OK | |||
r-release-windows-x86_64 | 1.0.1 | 5.00 | 91.00 | 96.00 | OK | |
r-oldrel-macos-arm64 | 1.0.1 | 40.00 | OK | |||
r-oldrel-macos-x86_64 | 1.0.1 | 63.00 | OK | |||
r-oldrel-windows-x86_64 | 1.0.1 | 5.00 | 84.00 | 89.00 | OK |
Version: 1.0.1
Check: dependencies in R code
Result: NOTE
Namespaces in Imports field not imported from:
‘devtools’ ‘qpdf’
All declared Imports should be used.
Flavors: r-devel-linux-x86_64-fedora-clang, r-devel-linux-x86_64-fedora-gcc