Last updated on 2024-05-08 12:06:02 CEST.
Flavor | Version | Tinstall | Tcheck | Ttotal | Status | Flags |
---|---|---|---|---|---|---|
r-devel-linux-x86_64-debian-clang | 1.1.0 | 1496.61 | 316.58 | 1813.19 | NOTE | |
r-devel-linux-x86_64-debian-gcc | 1.1.0 | 1336.08 | 323.14 | 1659.22 | NOTE | |
r-devel-linux-x86_64-fedora-clang | 1.1.0 | 2230.16 | NOTE | |||
r-devel-linux-x86_64-fedora-gcc | 1.1.0 | 3403.38 | NOTE | |||
r-devel-windows-x86_64 | 1.1.0 | 1211.00 | 333.00 | 1544.00 | NOTE | |
r-patched-linux-x86_64 | 1.1.0 | 1172.20 | 425.69 | 1597.89 | NOTE | |
r-release-linux-x86_64 | 1.1.0 | 0.01 | 2.90 | 2.91 | ERROR | |
r-release-macos-arm64 | 1.1.0 | 518.00 | NOTE | |||
r-release-macos-x86_64 | 1.1.0 | 607.00 | NOTE | |||
r-release-windows-x86_64 | 1.1.0 | 1187.00 | 325.00 | 1512.00 | NOTE | |
r-oldrel-macos-arm64 | 1.1.0 | 565.00 | NOTE | |||
r-oldrel-macos-x86_64 | 1.1.0 | 551.00 | NOTE | |||
r-oldrel-windows-x86_64 | 1.1.0 | 1462.00 | 423.00 | 1885.00 | NOTE |
Version: 1.1.0
Check: for GNU extensions in Makefiles
Result: NOTE
GNU make is a SystemRequirements.
Flavors: r-devel-linux-x86_64-debian-clang, r-devel-linux-x86_64-debian-gcc, r-devel-linux-x86_64-fedora-clang, r-devel-linux-x86_64-fedora-gcc, r-devel-windows-x86_64, r-patched-linux-x86_64, r-release-macos-arm64, r-release-macos-x86_64, r-release-windows-x86_64, r-oldrel-macos-arm64, r-oldrel-macos-x86_64, r-oldrel-windows-x86_64
Version: 1.1.0
Check: installed package size
Result: NOTE
installed size is 12.2Mb
sub-directories of 1Mb or more:
libs 11.7Mb
Flavors: r-devel-linux-x86_64-fedora-clang, r-devel-windows-x86_64, r-release-macos-arm64, r-release-macos-x86_64, r-release-windows-x86_64, r-oldrel-macos-arm64, r-oldrel-macos-x86_64, r-oldrel-windows-x86_64
Version: 1.1.0
Check: dependencies in R code
Result: NOTE
Namespaces in Imports field not imported from:
‘RcppParallel’ ‘rstantools’
All declared Imports should be used.
Flavors: r-devel-linux-x86_64-fedora-clang, r-devel-linux-x86_64-fedora-gcc
Version: 1.1.0
Check: whether package can be installed
Result: ERROR
Installation failed.
Flavor: r-release-linux-x86_64