Last updated on 2024-06-03 21:52:33 CEST.
Flavor | Version | Tinstall | Tcheck | Ttotal | Status | Flags |
---|---|---|---|---|---|---|
r-devel-linux-x86_64-debian-clang | 0.4-27 | 5.58 | 39.87 | 45.45 | OK | |
r-devel-linux-x86_64-debian-gcc | 0.4-27 | 4.48 | 30.40 | 34.88 | OK | |
r-devel-linux-x86_64-fedora-clang | 0.4-27 | 58.81 | OK | |||
r-devel-linux-x86_64-fedora-gcc | 0.4-27 | 69.16 | OK | |||
r-devel-windows-x86_64 | 0.4-27 | 1.00 | 5.00 | 6.00 | ERROR | |
r-patched-linux-x86_64 | 0.4-27 | 5.67 | 38.83 | 44.50 | OK | |
r-release-linux-x86_64 | 0.4-27 | 5.71 | 37.69 | 43.40 | OK | |
r-release-macos-arm64 | 0.4-27 | 26.00 | OK | |||
r-release-windows-x86_64 | 0.4-27 | 11.00 | 68.00 | 79.00 | OK | |
r-oldrel-macos-arm64 | 0.4-27 | 32.00 | OK | |||
r-oldrel-macos-x86_64 | 0.4-27 | 45.00 | OK | |||
r-oldrel-windows-x86_64 | 0.4-27 | 10.00 | 67.00 | 77.00 | OK |
Version: 0.4-27
Check: whether package can be installed
Result: ERROR
Installation failed.
Flavor: r-devel-windows-x86_64