Last updated on 2024-05-23 12:48:35 CEST.
Flavor | Version | Tinstall | Tcheck | Ttotal | Status | Flags |
---|---|---|---|---|---|---|
r-devel-linux-x86_64-debian-clang | 1.0 | 2.77 | 28.57 | 31.34 | NOTE | |
r-devel-linux-x86_64-debian-gcc | 1.0 | 1.83 | 21.65 | 23.48 | NOTE | |
r-devel-linux-x86_64-fedora-clang | 1.0 | 41.54 | NOTE | |||
r-devel-linux-x86_64-fedora-gcc | 1.0 | 50.91 | NOTE | |||
r-devel-windows-x86_64 | 1.0 | 3.00 | 58.00 | 61.00 | NOTE | |
r-patched-linux-x86_64 | 1.0 | 2.62 | 27.70 | 30.32 | NOTE | |
r-release-linux-x86_64 | 1.0 | 1.54 | 27.11 | 28.65 | NOTE | |
r-release-macos-arm64 | 1.0 | 84.00 | NOTE | |||
r-release-windows-x86_64 | 1.0 | 3.00 | 43.00 | 46.00 | NOTE | |
r-oldrel-macos-arm64 | 1.0 | 23.00 | NOTE | |||
r-oldrel-macos-x86_64 | 1.0 | 34.00 | NOTE | |||
r-oldrel-windows-x86_64 | 1.0 | 3.00 | 45.00 | 48.00 | NOTE |
Version: 1.0
Check: package dependencies
Result: NOTE
Package suggested but not available for checking: ‘rdt’
Flavors: r-devel-linux-x86_64-debian-clang, r-devel-linux-x86_64-debian-gcc, r-devel-linux-x86_64-fedora-clang, r-devel-linux-x86_64-fedora-gcc, r-devel-windows-x86_64, r-patched-linux-x86_64, r-release-linux-x86_64, r-release-macos-arm64, r-release-windows-x86_64, r-oldrel-macos-arm64, r-oldrel-macos-x86_64, r-oldrel-windows-x86_64
Version: 1.0
Check: LazyData
Result: NOTE
'LazyData' is specified without a 'data' directory
Flavors: r-devel-linux-x86_64-debian-clang, r-devel-linux-x86_64-debian-gcc, r-devel-linux-x86_64-fedora-clang, r-devel-linux-x86_64-fedora-gcc, r-devel-windows-x86_64, r-patched-linux-x86_64, r-release-linux-x86_64, r-release-macos-arm64, r-release-windows-x86_64, r-oldrel-macos-arm64, r-oldrel-macos-x86_64, r-oldrel-windows-x86_64