Last updated on 2024-04-30 21:50:21 CEST.
Flavor | Version | Tinstall | Tcheck | Ttotal | Status | Flags |
---|---|---|---|---|---|---|
r-devel-linux-x86_64-debian-clang | 2.8.0 | 53.16 | 400.99 | 454.15 | NOTE | |
r-devel-linux-x86_64-debian-gcc | 2.8.0 | 40.99 | 271.59 | 312.58 | NOTE | |
r-devel-linux-x86_64-fedora-clang | 2.8.0 | 548.29 | NOTE | |||
r-devel-linux-x86_64-fedora-gcc | 2.8.0 | 527.54 | NOTE | |||
r-devel-windows-x86_64 | 2.8.0 | 42.00 | 300.00 | 342.00 | NOTE | |
r-patched-linux-x86_64 | 2.8.0 | 51.86 | 372.59 | 424.45 | NOTE | |
r-release-linux-x86_64 | 2.8.0 | 36.97 | 343.69 | 380.66 | NOTE | |
r-release-macos-arm64 | 2.8.0 | 130.00 | NOTE | |||
r-release-windows-x86_64 | 2.8.0 | 41.00 | 301.00 | 342.00 | NOTE | |
r-oldrel-macos-arm64 | 2.8.0 | 133.00 | NOTE | |||
r-oldrel-macos-x86_64 | 2.8.0 | 295.00 | NOTE | |||
r-oldrel-windows-x86_64 | 2.8.0 | 54.00 | 404.00 | 458.00 | NOTE |
Version: 2.8.0
Check: package dependencies
Result: NOTE
Package suggested but not available for checking: ‘cmdstanr’
Flavors: r-devel-linux-x86_64-debian-clang, r-devel-linux-x86_64-debian-gcc, r-devel-linux-x86_64-fedora-clang, r-devel-linux-x86_64-fedora-gcc, r-patched-linux-x86_64, r-release-macos-arm64, r-oldrel-macos-arm64, r-oldrel-macos-x86_64
Version: 2.8.0
Check: package dependencies
Result: NOTE
Packages suggested but not available for checking: 'unix', 'cmdstanr'
Flavors: r-devel-windows-x86_64, r-release-windows-x86_64, r-oldrel-windows-x86_64
Version: 2.8.0
Check: package dependencies
Result: NOTE
Packages suggested but not available for checking: 'rstanarm', 'cmdstanr'
Flavor: r-release-linux-x86_64
Version: 2.8.0
Check: installed package size
Result: NOTE
installed size is 5.0Mb
sub-directories of 1Mb or more:
doc 1.4Mb
libs 2.6Mb
Flavor: r-oldrel-macos-x86_64