Last updated on 2024-04-30 21:50:21 CEST.
Flavor | Version | Tinstall | Tcheck | Ttotal | Status | Flags |
---|---|---|---|---|---|---|
r-devel-linux-x86_64-debian-clang | 0.6.0 | 2.81 | 44.17 | 46.98 | NOTE | |
r-devel-linux-x86_64-debian-gcc | 0.6.0 | 2.16 | 33.22 | 35.38 | NOTE | |
r-devel-linux-x86_64-fedora-clang | 0.6.0 | 59.08 | NOTE | |||
r-devel-linux-x86_64-fedora-gcc | 0.6.0 | 57.17 | NOTE | |||
r-devel-windows-x86_64 | 0.6.0 | 3.00 | 56.00 | 59.00 | NOTE | |
r-patched-linux-x86_64 | 0.6.0 | 2.87 | 43.12 | 45.99 | NOTE | |
r-release-linux-x86_64 | 0.6.0 | 2.23 | 42.79 | 45.02 | NOTE | |
r-release-macos-arm64 | 0.6.0 | 22.00 | NOTE | |||
r-release-windows-x86_64 | 0.6.0 | 4.00 | 55.00 | 59.00 | NOTE | |
r-oldrel-macos-arm64 | 0.6.0 | 23.00 | OK | |||
r-oldrel-macos-x86_64 | 0.6.0 | 31.00 | OK | |||
r-oldrel-windows-x86_64 | 0.6.0 | 4.00 | 61.00 | 65.00 | OK |
Version: 0.6.0
Check: Rd files
Result: NOTE
checkRd: (-1) summary.projections.Rd:33-48: Lost braces
33 | if (require(incidence)) {
| ^
Flavors: r-devel-linux-x86_64-debian-clang, r-devel-linux-x86_64-debian-gcc, r-devel-linux-x86_64-fedora-clang, r-devel-linux-x86_64-fedora-gcc, r-devel-windows-x86_64, r-patched-linux-x86_64, r-release-linux-x86_64, r-release-macos-arm64, r-release-windows-x86_64