Last updated on 2024-05-21 12:53:01 CEST.
Flavor | Version | Tinstall | Tcheck | Ttotal | Status | Flags |
---|---|---|---|---|---|---|
r-devel-linux-x86_64-debian-clang | 1.3.2 | 218.28 | 220.82 | 439.10 | OK | |
r-devel-linux-x86_64-debian-gcc | 1.3.2 | 159.51 | 587.08 | 746.59 | OK | |
r-devel-linux-x86_64-fedora-clang | 1.3.2 | 655.30 | OK | |||
r-devel-linux-x86_64-fedora-gcc | 1.3.2 | 759.63 | OK | |||
r-devel-windows-x86_64 | 1.3.2 | 173.00 | 187.00 | 360.00 | OK | |
r-patched-linux-x86_64 | 1.3.2 | 214.45 | 459.12 | 673.57 | OK | |
r-release-linux-x86_64 | 1.3.2 | 224.23 | 433.46 | 657.69 | OK | |
r-release-macos-arm64 | 1.3.2 | 134.00 | NOTE | |||
r-release-macos-x86_64 | 1.3.2 | 260.00 | NOTE | |||
r-release-windows-x86_64 | 1.3.2 | 177.00 | 191.00 | 368.00 | OK | |
r-oldrel-macos-arm64 | 1.3.2 | 150.00 | NOTE | |||
r-oldrel-macos-x86_64 | 1.3.2 | 274.00 | NOTE | |||
r-oldrel-windows-x86_64 | 1.3.2 | 209.00 | 225.00 | 434.00 | OK |
Version: 1.3.2
Check: installed package size
Result: NOTE
installed size is 14.9Mb
sub-directories of 1Mb or more:
doc 1.4Mb
libs 12.8Mb
Flavors: r-release-macos-arm64, r-release-macos-x86_64, r-oldrel-macos-arm64, r-oldrel-macos-x86_64