Last updated on 2024-05-07 21:48:36 CEST.
Flavor | Version | Tinstall | Tcheck | Ttotal | Status | Flags |
---|---|---|---|---|---|---|
r-devel-linux-x86_64-debian-clang | 1.3-1 | 15.45 | 165.69 | 181.14 | NOTE | |
r-devel-linux-x86_64-debian-gcc | 1.3-1 | 10.23 | 123.77 | 134.00 | NOTE | |
r-devel-linux-x86_64-fedora-clang | 1.3-1 | 226.81 | NOTE | |||
r-devel-linux-x86_64-fedora-gcc | 1.3-1 | 286.60 | NOTE | |||
r-devel-windows-x86_64 | 1.3-1 | 12.00 | 118.00 | 130.00 | NOTE | |
r-patched-linux-x86_64 | 1.3-1 | 14.01 | 153.66 | 167.67 | NOTE | |
r-release-linux-x86_64 | 1.3-1 | 16.17 | 153.00 | 169.17 | NOTE | |
r-release-macos-arm64 | 1.3-1 | 54.00 | NOTE | |||
r-release-windows-x86_64 | 1.3-1 | 13.00 | 117.00 | 130.00 | NOTE | |
r-oldrel-macos-arm64 | 1.3-1 | 54.00 | NOTE | |||
r-oldrel-macos-x86_64 | 1.3-1 | 90.00 | NOTE | |||
r-oldrel-windows-x86_64 | 1.3-1 | 16.00 | 144.00 | 160.00 | NOTE |
Version: 1.3-1
Check: Rd files
Result: NOTE
checkRd: (-1) plot.tfam.Rd:17: Lost braces
17 | objects created using code{tfam_inertia}.}
| ^
checkRd: (-1) popdemo-package.Rd:32: Lost braces
32 | code{\link{inertia}} measures asymptotic population density relative to stable
| ^
checkRd: (-1) tfa_inertia.Rd:33: Lost braces
33 | item{inertia}{inertias of perturbed matrices}
| ^
checkRd: (-1) tfa_inertia.Rd:33: Lost braces
33 | item{inertia}{inertias of perturbed matrices}
| ^
Flavors: r-devel-linux-x86_64-debian-clang, r-devel-linux-x86_64-debian-gcc, r-devel-linux-x86_64-fedora-clang, r-devel-linux-x86_64-fedora-gcc, r-devel-windows-x86_64, r-patched-linux-x86_64, r-release-linux-x86_64, r-release-macos-arm64, r-release-windows-x86_64
Version: 1.3-1
Check: installed package size
Result: NOTE
installed size is 5.4Mb
sub-directories of 1Mb or more:
doc 4.9Mb
Flavors: r-devel-linux-x86_64-fedora-clang, r-devel-windows-x86_64, r-release-macos-arm64, r-release-windows-x86_64, r-oldrel-macos-arm64, r-oldrel-macos-x86_64, r-oldrel-windows-x86_64