Last updated on 2024-05-21 12:53:00 CEST.
Flavor | Version | Tinstall | Tcheck | Ttotal | Status | Flags |
---|---|---|---|---|---|---|
r-devel-linux-x86_64-debian-clang | 2.1.4 | 13.34 | 292.89 | 306.23 | OK | |
r-devel-linux-x86_64-debian-gcc | 2.1.4 | 10.02 | 208.46 | 218.48 | OK | |
r-devel-linux-x86_64-fedora-clang | 2.1.4 | 372.41 | NOTE | |||
r-devel-linux-x86_64-fedora-gcc | 2.1.4 | 367.83 | NOTE | |||
r-devel-windows-x86_64 | 2.1.4 | 12.00 | 217.00 | 229.00 | NOTE | |
r-patched-linux-x86_64 | 2.1.4 | 10.07 | 273.67 | 283.74 | OK | |
r-release-linux-x86_64 | 2.1.4 | 8.81 | 275.80 | 284.61 | OK | |
r-release-macos-arm64 | 2.1.4 | 101.00 | NOTE | |||
r-release-windows-x86_64 | 2.1.4 | 13.00 | 211.00 | 224.00 | NOTE | |
r-oldrel-macos-arm64 | 2.1.4 | 114.00 | NOTE | |||
r-oldrel-macos-x86_64 | 2.1.4 | 226.00 | NOTE | |||
r-oldrel-windows-x86_64 | 2.1.4 | 16.00 | 270.00 | 286.00 | NOTE |
Version: 2.1.4
Check: installed package size
Result: NOTE
installed size is 7.3Mb
sub-directories of 1Mb or more:
doc 6.1Mb
Flavors: r-devel-linux-x86_64-fedora-clang, r-devel-windows-x86_64, r-release-macos-arm64, r-release-windows-x86_64, r-oldrel-macos-arm64, r-oldrel-macos-x86_64, r-oldrel-windows-x86_64
Version: 2.1.4
Check: data for non-ASCII characters
Result: NOTE
Note: found 13 marked UTF-8 strings
Flavors: r-devel-linux-x86_64-fedora-clang, r-devel-linux-x86_64-fedora-gcc