Last updated on 2024-05-21 12:53:00 CEST.
Flavor | Version | Tinstall | Tcheck | Ttotal | Status | Flags |
---|---|---|---|---|---|---|
r-devel-linux-x86_64-debian-clang | 1.2.9 | 13.49 | 141.75 | 155.24 | NOTE | |
r-devel-linux-x86_64-debian-gcc | 1.2.9 | 13.13 | 108.94 | 122.07 | NOTE | |
r-devel-linux-x86_64-fedora-clang | 1.2.9 | 194.15 | NOTE | |||
r-devel-linux-x86_64-fedora-gcc | 1.2.9 | 185.09 | NOTE | |||
r-devel-windows-x86_64 | 1.2.9 | 14.00 | 116.00 | 130.00 | NOTE | |
r-patched-linux-x86_64 | 1.2.9 | 12.06 | 141.96 | 154.02 | NOTE | |
r-release-linux-x86_64 | 1.2.9 | 9.83 | 142.06 | 151.89 | NOTE | |
r-release-macos-arm64 | 1.2.9 | 49.00 | NOTE | |||
r-release-windows-x86_64 | 1.2.9 | 13.00 | 114.00 | 127.00 | NOTE | |
r-oldrel-macos-arm64 | 1.2.9 | 55.00 | OK | |||
r-oldrel-macos-x86_64 | 1.2.9 | 86.00 | OK | |||
r-oldrel-windows-x86_64 | 1.2.9 | 17.00 | 132.00 | 149.00 | OK |
Version: 1.2.9
Check: Rd files
Result: NOTE
checkRd: (-1) rosePlotsAct.Rd:19: Lost braces; missing escapes or markup?
19 | A \code{plotly} {htmlwidget} with rose plots for locomotor activity.
| ^
checkRd: (-1) rosePlotsSleep.Rd:19: Lost braces; missing escapes or markup?
19 | #' @return A \code{plotly} {htmlwidget} with rose plots for sleep data.
| ^
Flavors: r-devel-linux-x86_64-debian-clang, r-devel-linux-x86_64-debian-gcc, r-devel-linux-x86_64-fedora-clang, r-devel-linux-x86_64-fedora-gcc, r-devel-windows-x86_64, r-patched-linux-x86_64, r-release-linux-x86_64, r-release-macos-arm64, r-release-windows-x86_64