Last updated on 2024-04-30 21:50:20 CEST.
Flavor | Version | Tinstall | Tcheck | Ttotal | Status | Flags |
---|---|---|---|---|---|---|
r-devel-linux-x86_64-debian-clang | 0.2.6 | 80.51 | 142.74 | 223.25 | NOTE | |
r-devel-linux-x86_64-debian-gcc | 0.2.6 | 58.64 | 94.26 | 152.90 | NOTE | |
r-devel-linux-x86_64-fedora-clang | 0.2.6 | 289.65 | NOTE | |||
r-devel-linux-x86_64-fedora-gcc | 0.2.6 | 292.85 | NOTE | |||
r-devel-windows-x86_64 | 0.2.6 | 61.00 | 156.00 | 217.00 | NOTE | |
r-patched-linux-x86_64 | 0.2.6 | 72.57 | 128.57 | 201.14 | NOTE | |
r-release-linux-x86_64 | 0.2.6 | 70.18 | 132.23 | 202.41 | NOTE | |
r-release-macos-arm64 | 0.2.6 | 66.00 | NOTE | |||
r-release-windows-x86_64 | 0.2.6 | 62.00 | 159.00 | 221.00 | NOTE | |
r-oldrel-macos-arm64 | 0.2.6 | 74.00 | NOTE | |||
r-oldrel-macos-x86_64 | 0.2.6 | 142.00 | NOTE | |||
r-oldrel-windows-x86_64 | 0.2.6 | 73.00 | 178.00 | 251.00 | NOTE |
Version: 0.2.6
Check: C++ specification
Result: NOTE
Specified C++11: please drop specification unless essential
Flavors: r-devel-linux-x86_64-debian-clang, r-devel-linux-x86_64-debian-gcc, r-devel-linux-x86_64-fedora-clang, r-devel-linux-x86_64-fedora-gcc, r-devel-windows-x86_64, r-patched-linux-x86_64, r-release-linux-x86_64, r-release-macos-arm64, r-release-windows-x86_64, r-oldrel-macos-arm64, r-oldrel-macos-x86_64, r-oldrel-windows-x86_64