CRAN Package Check Results for Package nparLD

Last updated on 2015-01-29 12:48:09.

Flavor Version Tinstall Tcheck Ttotal Status Flags
r-devel-linux-x86_64-debian-clang 2.1 0.83 25.83 26.66 NOTE
r-devel-linux-x86_64-debian-gcc 2.1 0.81 24.26 25.07 NOTE
r-devel-linux-x86_64-fedora-clang 2.1 53.63 NOTE
r-devel-linux-x86_64-fedora-gcc 2.1 50.28 NOTE
r-devel-osx-x86_64-clang 2.1 49.95 NOTE
r-devel-windows-ix86+x86_64 2.1 5.00 34.00 39.00 NOTE
r-patched-linux-x86_64 2.1 0.94 30.56 31.50 NOTE
r-patched-solaris-sparc 2.1 303.10 NOTE
r-patched-solaris-x86 2.1 67.40 NOTE
r-release-linux-ix86 2.1 1.28 33.71 34.99 NOTE
r-release-linux-x86_64 2.1 0.95 26.94 27.89 NOTE
r-release-osx-x86_64-mavericks 2.1 NOTE
r-release-osx-x86_64-snowleopard 2.1 NOTE
r-release-windows-ix86+x86_64 2.1 4.00 41.00 45.00 NOTE
r-oldrel-windows-ix86+x86_64 2.1 4.00 67.00 71.00 NOTE

Check Details

Version: 2.1
Check: dependencies in R code
Result: NOTE
    'library' or 'require' call to ‘MASS’ which was already attached by Depends.
     Please remove these calls from your code.
Flavors: r-devel-linux-x86_64-debian-clang, r-devel-linux-x86_64-debian-gcc, r-devel-linux-x86_64-fedora-clang, r-devel-linux-x86_64-fedora-gcc, r-devel-osx-x86_64-clang, r-devel-windows-ix86+x86_64

Version: 2.1
Check: dependencies in R code
Result: NOTE
    'library' or 'require' call to ‘MASS’ which was already attached by Depends.
     Please remove these calls from your code.
    See the information on DESCRIPTION files in the chapter ‘Creating R
    packages’ of the ‘Writing R Extensions’ manual.
Flavors: r-patched-linux-x86_64, r-patched-solaris-sparc, r-patched-solaris-x86, r-release-linux-ix86, r-release-linux-x86_64, r-release-osx-x86_64-mavericks, r-release-osx-x86_64-snowleopard, r-release-windows-ix86+x86_64, r-oldrel-windows-ix86+x86_64