CRAN Package Check Results for Package nparLD

Last updated on 2015-04-18 03:50:21.

Flavor Version Tinstall Tcheck Ttotal Status Flags
r-devel-linux-x86_64-debian-clang 2.1 0.95 24.73 25.68 NOTE
r-devel-linux-x86_64-debian-gcc 2.1 0.82 24.17 24.99 NOTE
r-devel-linux-x86_64-fedora-clang 2.1 48.77 NOTE
r-devel-linux-x86_64-fedora-gcc 2.1 45.37 NOTE
r-devel-osx-x86_64-clang 2.1 45.67 NOTE
r-prerel-windows-ix86+x86_64 2.1 6.00 37.00 43.00 NOTE
r-prerel-linux-x86_64 2.1 0.80 24.30 25.10 NOTE
r-prerel-solaris-sparc 2.1 295.30 NOTE
r-prerel-solaris-x86 2.1 58.10 NOTE
r-release-linux-x86_64 2.1 1.17 26.96 28.13 NOTE
r-release-osx-x86_64-mavericks 2.1 NOTE
r-release-osx-x86_64-snowleopard 2.1 NOTE
r-release-windows-ix86+x86_64 2.1 4.00 53.00 57.00 NOTE
r-oldrel-windows-ix86+x86_64 2.1 4.00 52.00 56.00 NOTE

Check Details

Version: 2.1
Check: dependencies in R code
Result: NOTE
    'library' or 'require' call to ‘MASS’ which was already attached by Depends.
     Please remove these calls from your code.
Flavors: r-devel-linux-x86_64-debian-clang, r-devel-linux-x86_64-debian-gcc, r-devel-linux-x86_64-fedora-clang, r-devel-linux-x86_64-fedora-gcc, r-devel-osx-x86_64-clang, r-prerel-windows-ix86+x86_64, r-prerel-linux-x86_64, r-prerel-solaris-sparc, r-prerel-solaris-x86, r-release-linux-x86_64, r-release-windows-ix86+x86_64

Version: 2.1
Check: dependencies in R code
Result: NOTE
    'library' or 'require' call to ‘MASS’ which was already attached by Depends.
     Please remove these calls from your code.
    See the information on DESCRIPTION files in the chapter ‘Creating R
    packages’ of the ‘Writing R Extensions’ manual.
Flavors: r-release-osx-x86_64-mavericks, r-release-osx-x86_64-snowleopard, r-oldrel-windows-ix86+x86_64