CRAN Package Check Results for Package nparLD

Last updated on 2015-07-30 06:48:09.

Flavor Version Tinstall Tcheck Ttotal Status Flags
r-devel-linux-x86_64-debian-clang 2.1 0.79 24.39 25.18 NOTE
r-devel-linux-x86_64-debian-gcc 2.1 0.76 23.50 24.26 NOTE
r-devel-linux-x86_64-fedora-clang 2.1 48.30 NOTE
r-devel-linux-x86_64-fedora-gcc 2.1 45.93 NOTE
r-devel-osx-x86_64-clang 2.1 38.95 NOTE
r-devel-windows-ix86+x86_64 2.1 6.00 58.00 64.00 NOTE
r-patched-linux-x86_64 2.1 0.80 24.28 25.08 NOTE
r-patched-solaris-sparc 2.1 300.30 NOTE
r-patched-solaris-x86 2.1 60.30 NOTE
r-release-linux-x86_64 2.1 0.84 24.04 24.88 NOTE
r-release-osx-x86_64-mavericks 2.1 NOTE
r-release-windows-ix86+x86_64 2.1 5.00 60.00 65.00 NOTE
r-oldrel-windows-ix86+x86_64 2.1 6.00 65.00 71.00 NOTE

Check Details

Version: 2.1
Check: dependencies in R code
Result: NOTE
    'library' or 'require' call to ‘MASS’ which was already attached by Depends.
     Please remove these calls from your code.
Flavors: r-devel-linux-x86_64-debian-clang, r-devel-linux-x86_64-debian-gcc, r-devel-linux-x86_64-fedora-clang, r-devel-linux-x86_64-fedora-gcc, r-devel-osx-x86_64-clang, r-devel-windows-ix86+x86_64, r-patched-linux-x86_64, r-patched-solaris-sparc, r-patched-solaris-x86, r-release-linux-x86_64, r-release-osx-x86_64-mavericks, r-release-windows-ix86+x86_64, r-oldrel-windows-ix86+x86_64

Version: 2.1
Check: R code for possible problems
Result: NOTE
    f1.ld.f1 : case2x2: no visible global function definition for ‘pnorm’
    f1.ld.f1 : case2x2: no visible global function definition for ‘pt’
    f1.ld.f1 : wald.test: no visible global function definition for
     ‘pchisq’
    f1.ld.f1 : anova.test: no visible global function definition for
     ‘pchisq’
    f1.ld.f1 : anova.test: no visible global function definition for ‘pf’
    f1.ld.f1 : simple.time.test: no visible global function definition for
     ‘pchisq’
    f1.ld.f1 : simple.time.test: no visible global function definition for
     ‘pnorm’
    f1.ld.f1 : simple.time.test: no visible global function definition for
     ‘pt’
    f1.ld.f1 : pair.comp.test: no visible global function definition for
     ‘pnorm’
    f1.ld.f1 : pair.comp.test: no visible global function definition for
     ‘pt’
    f1.ld.f1 : pattern.group: no visible global function definition for
     ‘pt’
    f1.ld.f1 : pattern.group: no visible global function definition for
     ‘pnorm’
    f1.ld.f1: no visible global function definition for ‘plot’
    f1.ld.f1: no visible global function definition for ‘axis’
    f1.ld.f1: no visible global function definition for ‘points’
    f1.ld.f1: no visible global function definition for ‘legend’
    f1.ld.f1: no visible global function definition for ‘title’
    f1.ld.f2: no visible global function definition for ‘pchisq’
    f1.ld.f2: no visible global function definition for ‘pf’
    f1.ld.f2: no visible global function definition for ‘par’
    f1.ld.f2: no visible global function definition for ‘plot’
    f1.ld.f2: no visible global function definition for ‘title’
    f1.ld.f2: no visible global function definition for ‘points’
    f1.ld.f2: no visible global function definition for ‘axis’
    f1.ld.f2: no visible global function definition for ‘legend’
    f2.ld.f1: no visible global function definition for ‘pchisq’
    f2.ld.f1: no visible global function definition for ‘pf’
    f2.ld.f1: no visible global function definition for ‘par’
    f2.ld.f1: no visible global function definition for ‘plot’
    f2.ld.f1: no visible global function definition for ‘title’
    f2.ld.f1: no visible global function definition for ‘points’
    f2.ld.f1: no visible global function definition for ‘axis’
    f2.ld.f1: no visible global function definition for ‘legend’
    ld.ci: no visible global function definition for ‘qnorm’
    ld.f1: no visible global function definition for ‘pchisq’
    ld.f1: no visible global function definition for ‘pf’
    ld.f1: no visible global function definition for ‘pnorm’
    ld.f1: no visible global function definition for ‘pt’
    ld.f1: no visible global function definition for ‘plot’
    ld.f1: no visible global function definition for ‘axis’
    ld.f1: no visible global function definition for ‘title’
    ld.f2: no visible global function definition for ‘pchisq’
    ld.f2: no visible global function definition for ‘pf’
    ld.f2: no visible global function definition for ‘plot’
    ld.f2: no visible global function definition for ‘points’
    ld.f2: no visible global function definition for ‘axis’
    ld.f2: no visible global function definition for ‘legend’
    ld.f2: no visible global function definition for ‘title’
    nparLD: no visible global function definition for ‘model.frame’
    nparLD: no visible global function definition for ‘plot’
    nparLD: no visible global function definition for ‘points’
    nparLD: no visible global function definition for ‘axis’
    nparLD: no visible global function definition for ‘title’
    nparLD: no visible global function definition for ‘legend’
    nparLD: no visible global function definition for ‘par’
    Undefined global functions or variables:
     axis legend model.frame par pchisq pf plot pnorm points pt qnorm
     title
    Consider adding
     importFrom("graphics", "axis", "legend", "par", "plot", "points",
     "title")
     importFrom("stats", "model.frame", "pchisq", "pf", "pnorm", "pt",
     "qnorm")
    to your NAMESPACE.
Flavors: r-devel-linux-x86_64-debian-clang, r-devel-linux-x86_64-debian-gcc, r-devel-linux-x86_64-fedora-clang, r-devel-linux-x86_64-fedora-gcc, r-devel-windows-ix86+x86_64