CRAN Package Check Results for Package nparLD

Last updated on 2014-08-27 11:50:57.

Flavor Version Tinstall Tcheck Ttotal Status Flags
r-devel-linux-x86_64-debian-clang 2.1 0.87 28.67 29.54 NOTE
r-devel-linux-x86_64-debian-gcc 2.1 0.92 24.92 25.84 NOTE
r-devel-linux-x86_64-fedora-clang 2.1 52.65 NOTE
r-devel-linux-x86_64-fedora-gcc 2.1 49.41 NOTE
r-devel-osx-x86_64-clang 2.1 45.49 NOTE
r-devel-windows-ix86+x86_64 2.1 4.00 40.00 44.00 NOTE
r-patched-linux-x86_64 2.1 0.87 26.17 27.04 NOTE
r-patched-solaris-sparc 2.1 301.60 NOTE
r-patched-solaris-x86 2.1 64.40 NOTE
r-release-linux-ix86 2.1 1.30 34.18 35.48 NOTE
r-release-linux-x86_64 2.1 0.91 26.99 27.90 NOTE
r-release-osx-x86_64-mavericks 2.1 NOTE
r-release-osx-x86_64-snowleopard 2.1 NOTE
r-release-windows-ix86+x86_64 2.1 3.00 41.00 44.00 NOTE
r-oldrel-windows-ix86+x86_64 2.1 4.00 38.00 42.00 NOTE

Check Details

Version: 2.1
Check: dependencies in R code
Result: NOTE
    'library' or 'require' call to ‘MASS’ which was already attached by Depends.
     Please remove these calls from your code.
    See the information on DESCRIPTION files in the chapter ‘Creating R
    packages’ of the ‘Writing R Extensions’ manual.
Flavors: r-devel-linux-x86_64-debian-clang, r-devel-linux-x86_64-debian-gcc, r-devel-linux-x86_64-fedora-clang, r-devel-linux-x86_64-fedora-gcc, r-devel-osx-x86_64-clang, r-devel-windows-ix86+x86_64, r-patched-linux-x86_64, r-patched-solaris-sparc, r-patched-solaris-x86, r-release-linux-ix86, r-release-linux-x86_64, r-release-osx-x86_64-mavericks, r-release-osx-x86_64-snowleopard, r-release-windows-ix86+x86_64, r-oldrel-windows-ix86+x86_64