Last updated on 2024-06-15 19:55:05 CEST.
Flavor | Version | Tinstall | Tcheck | Ttotal | Status | Flags |
---|---|---|---|---|---|---|
r-devel-linux-x86_64-debian-clang | 2.0.48 | 16.29 | 135.83 | 152.12 | OK | |
r-devel-linux-x86_64-debian-gcc | 2.0.48 | 13.89 | 98.25 | 112.14 | OK | |
r-devel-linux-x86_64-fedora-clang | 2.0.48 | 189.91 | NOTE | |||
r-devel-linux-x86_64-fedora-gcc | 2.0.48 | 190.09 | NOTE | |||
r-devel-windows-x86_64 | 2.0.48 | 14.00 | 125.00 | 139.00 | OK | |
r-patched-linux-x86_64 | 2.0.48 | 19.97 | 129.53 | 149.50 | OK | |
r-release-linux-x86_64 | 2.0.48 | 9.86 | 129.02 | 138.88 | OK | |
r-release-macos-arm64 | 2.0.48 | 56.00 | OK | |||
r-release-macos-x86_64 | 2.0.48 | 79.00 | OK | |||
r-release-windows-x86_64 | 2.0.48 | 13.00 | 124.00 | 137.00 | OK | |
r-oldrel-macos-arm64 | 2.0.48 | 67.00 | OK | |||
r-oldrel-macos-x86_64 | 2.0.48 | 98.00 | OK | |||
r-oldrel-windows-x86_64 | 2.0.48 | 19.00 | 144.00 | 163.00 | OK |
Version: 2.0.48
Check: data for non-ASCII characters
Result: NOTE
Note: found 21 marked UTF-8 strings
Flavors: r-devel-linux-x86_64-fedora-clang, r-devel-linux-x86_64-fedora-gcc