Last updated on 2024-05-23 12:48:33 CEST.
Flavor | Version | Tinstall | Tcheck | Ttotal | Status | Flags |
---|---|---|---|---|---|---|
r-devel-linux-x86_64-debian-clang | 1.1.0 | 26.69 | 268.77 | 295.46 | OK | |
r-devel-linux-x86_64-debian-gcc | 1.1.0 | 18.52 | 198.14 | 216.66 | OK | |
r-devel-linux-x86_64-fedora-clang | 1.1.0 | 388.58 | OK | |||
r-devel-linux-x86_64-fedora-gcc | 1.1.0 | 352.59 | OK | |||
r-devel-windows-x86_64 | 1.1.0 | 18.00 | 203.00 | 221.00 | OK | |
r-patched-linux-x86_64 | 1.1.0 | 24.05 | 263.16 | 287.21 | OK | |
r-release-linux-x86_64 | 1.1.0 | 17.59 | 259.91 | 277.50 | OK | |
r-release-macos-arm64 | 1.1.0 | 161.00 | OK | |||
r-release-macos-x86_64 | 1.1.0 | 220.00 | OK | |||
r-release-windows-x86_64 | 1.1.0 | 4.00 | 5.00 | 9.00 | ERROR | |
r-oldrel-macos-arm64 | 1.1.0 | 96.00 | OK | |||
r-oldrel-macos-x86_64 | 1.1.0 | 285.00 | OK | |||
r-oldrel-windows-x86_64 | 1.1.0 | 22.00 | 226.00 | 248.00 | OK |
Version: 1.1.0
Check: whether package can be installed
Result: ERROR
Installation failed.
Flavor: r-release-windows-x86_64