Last updated on 2024-03-28 12:50:39 CET.
Flavor | Version | Tinstall | Tcheck | Ttotal | Status | Flags |
---|---|---|---|---|---|---|
r-devel-linux-x86_64-debian-clang | 0.99.31.7 | 42.20 | 195.89 | 238.09 | OK | |
r-devel-linux-x86_64-debian-gcc | 0.99.31.7 | 32.12 | 137.44 | 169.56 | OK | |
r-devel-linux-x86_64-fedora-clang | 0.99.31.7 | 278.62 | NOTE | |||
r-devel-linux-x86_64-fedora-gcc | 0.99.31.7 | 286.51 | OK | |||
r-devel-windows-x86_64 | 0.99.31.7 | 38.00 | 158.00 | 196.00 | NOTE | |
r-patched-linux-x86_64 | 0.99.31.7 | 40.90 | 181.20 | 222.10 | OK | |
r-release-linux-x86_64 | 0.99.31.7 | 39.18 | 183.29 | 222.47 | OK | |
r-release-macos-arm64 | 0.99.31.7 | 101.00 | NOTE | |||
r-release-macos-x86_64 | 0.99.31.7 | 252.00 | NOTE | |||
r-release-windows-x86_64 | 0.99.31.7 | 43.00 | 194.00 | 237.00 | NOTE | |
r-oldrel-macos-arm64 | 0.99.31.7 | 110.00 | NOTE | |||
r-oldrel-windows-x86_64 | 0.99.31.7 | 49.00 | 202.00 | 251.00 | NOTE |
Version: 0.99.31.7
Check: installed package size
Result: NOTE
installed size is 5.4Mb
sub-directories of 1Mb or more:
R 1.4Mb
doc 3.1Mb
Flavors: r-devel-linux-x86_64-fedora-clang, r-devel-windows-x86_64, r-release-macos-arm64, r-release-macos-x86_64, r-release-windows-x86_64, r-oldrel-macos-arm64, r-oldrel-windows-x86_64