CRAN Package Check Results for Package mediation

Last updated on 2017-08-22 06:46:53.

Flavor Version Tinstall Tcheck Ttotal Status Flags
r-devel-linux-x86_64-debian-clang 4.4.6 4.21 85.62 89.84 OK --no-vignettes
r-devel-linux-x86_64-debian-gcc 4.4.6 4.21 83.90 88.12 OK --no-vignettes
r-devel-linux-x86_64-fedora-clang 4.4.6 389.81 OK
r-devel-linux-x86_64-fedora-gcc 4.4.6 383.14 OK
r-devel-windows-ix86+x86_64 4.4.6 19.00 428.00 447.00 OK
r-patched-linux-x86_64 4.4.6 4.39 85.94 90.32 OK --no-vignettes
r-patched-solaris-x86 4.4.6 484.30 OK
r-release-linux-x86_64 4.4.6 4.62 86.73 91.35 OK --no-vignettes
r-release-windows-ix86+x86_64 4.4.6 13.00 325.00 338.00 OK
r-release-osx-x86_64 4.4.6 NOTE
r-oldrel-windows-ix86+x86_64 4.4.6 15.00 299.00 314.00 OK
r-oldrel-osx-x86_64 4.4.6 OK

Check Details

Version: 4.4.6
Check: re-building of vignette outputs
Result: NOTE
    Error in re-building vignettes:
     ...
    Error in texi2dvi(file = file, pdf = TRUE, clean = clean, quiet = quiet, :
     Running 'texi2dvi' on 'mediation-old.tex' failed.
    LaTeX errors:
    ! LaTeX Error: File `titlesec.sty' not found.
    
    Type X to quit or <RETURN> to proceed,
    or enter new name. (Default extension: sty)
    
    ! Emergency stop.
    <read *>
    
    l.47 ^^M
    
    ! ==> Fatal error occurred, no output PDF file produced!
    Calls: buildVignettes -> texi2pdf -> texi2dvi
    Execution halted
Flavor: r-release-osx-x86_64