CRAN Package Check Results for Package mediation

Last updated on 2014-12-21 03:48:19.

Flavor Version Tinstall Tcheck Ttotal Status Flags
r-devel-linux-x86_64-debian-clang 4.4.3 4.59 93.72 98.31 OK --no-vignettes
r-devel-linux-x86_64-debian-gcc 4.4.3 4.24 89.96 94.20 OK --no-vignettes
r-devel-linux-x86_64-fedora-clang 4.4.3 388.32 OK --no-build-vignettes
r-devel-linux-x86_64-fedora-gcc 4.4.3 343.62 OK --no-build-vignettes
r-devel-osx-x86_64-clang 4.4.3 477.90 OK
r-devel-windows-ix86+x86_64 4.4.3 13.00 125.00 138.00 OK --no-vignettes
r-patched-linux-x86_64 4.4.3 4.57 95.59 100.16 OK --no-vignettes
r-patched-solaris-sparc 4.4.3 1064.50 OK --no-vignettes
r-patched-solaris-x86 4.4.3 249.90 OK --no-vignettes
r-release-linux-ix86 4.4.3 5.42 111.78 117.20 OK --no-vignettes
r-release-linux-x86_64 4.4.3 4.54 99.47 104.01 OK --no-vignettes
r-release-osx-x86_64-mavericks 4.4.3 NOTE
r-release-osx-x86_64-snowleopard 4.4.3 OK
r-release-windows-ix86+x86_64 4.4.3 15.00 133.00 148.00 OK --no-vignettes
r-oldrel-windows-ix86+x86_64 4.4.3 14.00 133.00 147.00 OK --no-vignettes

Check Details

Version: 4.4.3
Check: re-building of vignette outputs
Result: NOTE
    Error in re-building vignettes:
     ...
    Error in texi2dvi(file = file, pdf = TRUE, clean = clean, quiet = quiet, :
     Running 'texi2dvi' on 'mediation-old.tex' failed.
    LaTeX errors:
    ! LaTeX Error: File `arydshln.sty' not found.
    
    Type X to quit or <RETURN> to proceed,
    or enter new name. (Default extension: sty)
    
    gn_test/mediation/vignettes/mediation-old.tex:47: ==> Fatal error occurred, no
     output PDF file produced!
    Calls: buildVignettes -> texi2pdf -> texi2dvi
    Execution halted
Flavor: r-release-osx-x86_64-mavericks