CRAN Package Check Results for Package mediation

Last updated on 2017-12-11 12:48:03 CET.

Flavor Version Tinstall Tcheck Ttotal Status Flags
r-devel-linux-x86_64-debian-clang 4.4.6 5.85 123.51 129.36 OK --no-vignettes
r-devel-linux-x86_64-debian-gcc 4.4.6 5.14 106.00 111.14 OK --no-vignettes
r-devel-linux-x86_64-fedora-clang 4.4.6 340.86 OK
r-devel-linux-x86_64-fedora-gcc 4.4.6 336.09 OK
r-devel-windows-ix86+x86_64 4.4.6 23.00 327.00 350.00 OK
r-patched-linux-x86_64 4.4.6 6.78 148.47 155.25 OK --no-vignettes
r-patched-solaris-x86 4.4.6 494.50 OK
r-release-linux-x86_64 4.4.6 6.71 153.03 159.74 OK --no-vignettes
r-release-windows-ix86+x86_64 4.4.6 14.00 376.00 390.00 OK
r-release-osx-x86_64 4.4.6 NOTE
r-oldrel-windows-ix86+x86_64 4.4.6 15.00 426.00 441.00 OK
r-oldrel-osx-x86_64 4.4.6 OK

Check Details

Version: 4.4.6
Check: re-building of vignette outputs
Result: NOTE
    Error in re-building vignettes:
     ...
    Error in texi2dvi(file = file, pdf = TRUE, clean = clean, quiet = quiet, :
     Running 'texi2dvi' on 'mediation-old.tex' failed.
    LaTeX errors:
    ! LaTeX Error: File `titlesec.sty' not found.
    
    Type X to quit or <RETURN> to proceed,
    or enter new name. (Default extension: sty)
    
    ! Emergency stop.
    <read *>
    
    l.47 ^^M
    
    ! ==> Fatal error occurred, no output PDF file produced!
    Calls: buildVignettes -> texi2pdf -> texi2dvi
    Execution halted
Flavor: r-release-osx-x86_64