CRAN Package Check Results for Package logcondiscr

Last updated on 2015-04-27 11:48:42.

Flavor Version Tinstall Tcheck Ttotal Status Flags
r-devel-linux-x86_64-debian-clang 1.0.5 2.94 39.08 42.02 OK
r-devel-linux-x86_64-debian-gcc 1.0.5 2.66 36.08 38.75 OK
r-devel-linux-x86_64-fedora-clang 1.0.5 83.24 OK
r-devel-linux-x86_64-fedora-gcc 1.0.5 77.21 OK
r-devel-osx-x86_64-clang 1.0.5 70.37 OK
r-devel-windows-ix86+x86_64 1.0.5 8.00 79.00 87.00 OK
r-patched-linux-x86_64 1.0.5 2.62 37.10 39.72 OK
r-patched-solaris-sparc 1.0.5 478.60 OK
r-patched-solaris-x86 1.0.5 111.00 OK
r-release-linux-x86_64 1.0.5 2.72 36.91 39.63 OK
r-release-osx-x86_64-mavericks 1.0.5 OK
r-release-osx-x86_64-snowleopard 1.0.5 ERROR
r-release-windows-ix86+x86_64 1.0.5 11.00 73.00 84.00 OK
r-oldrel-windows-ix86+x86_64 1.0.5 10.00 74.00 84.00 OK

Check Details

Version: 1.0.5
Check: package dependencies
Result: ERROR
    Package required but not available: ‘cobs’
    
    See section ‘The DESCRIPTION file’ in the ‘Writing R Extensions’
    manual.
Flavor: r-release-osx-x86_64-snowleopard