CRAN Package Check Results for Package logcondiscr

Last updated on 2015-05-28 06:47:00.

Flavor Version Tinstall Tcheck Ttotal Status Flags
r-devel-linux-x86_64-debian-clang 1.0.5 2.70 38.02 40.72 OK
r-devel-linux-x86_64-debian-gcc 1.0.5 2.65 35.89 38.54 OK
r-devel-linux-x86_64-fedora-clang 1.0.5 81.94 OK
r-devel-linux-x86_64-fedora-gcc 1.0.5 77.22 OK
r-devel-osx-x86_64-clang 1.0.5 70.33 OK
r-devel-windows-ix86+x86_64 1.0.5 7.00 55.00 62.00 OK
r-patched-linux-x86_64 1.0.5 2.68 36.08 38.76 OK
r-patched-solaris-sparc 1.0.5 496.20 OK
r-patched-solaris-x86 1.0.5 110.50 OK
r-release-linux-x86_64 1.0.5 2.70 37.74 40.44 OK
r-release-osx-x86_64-mavericks 1.0.5 OK
r-release-osx-x86_64-snowleopard 1.0.5 ERROR
r-release-windows-ix86+x86_64 1.0.5 8.00 57.00 65.00 OK
r-oldrel-windows-ix86+x86_64 1.0.5 11.00 62.00 73.00 OK

Check Details

Version: 1.0.5
Check: package dependencies
Result: ERROR
    Package required but not available: ‘cobs’
    
    See section ‘The DESCRIPTION file’ in the ‘Writing R Extensions’
    manual.
Flavor: r-release-osx-x86_64-snowleopard