Last updated on 2024-04-28 06:56:01 CEST.
Flavor | Version | Tinstall | Tcheck | Ttotal | Status | Flags |
---|---|---|---|---|---|---|
r-devel-linux-x86_64-debian-clang | 1.0.3 | 4.28 | 240.66 | 244.94 | NOTE | |
r-devel-linux-x86_64-debian-gcc | 1.0.3 | 1.94 | 164.82 | 166.76 | NOTE | |
r-devel-linux-x86_64-fedora-clang | 1.0.3 | 291.92 | NOTE | |||
r-devel-linux-x86_64-fedora-gcc | 1.0.3 | 295.72 | NOTE | |||
r-devel-windows-x86_64 | 1.0.3 | 5.00 | 180.00 | 185.00 | NOTE | |
r-patched-linux-x86_64 | 1.0.3 | 2.97 | 225.35 | 228.32 | NOTE | |
r-release-linux-x86_64 | 1.0.3 | 2.35 | 228.57 | 230.92 | OK | |
r-release-macos-arm64 | 1.0.3 | 79.00 | NOTE | |||
r-release-windows-x86_64 | 1.0.3 | 6.00 | 179.00 | 185.00 | NOTE | |
r-oldrel-macos-arm64 | 1.0.3 | 86.00 | OK | |||
r-oldrel-macos-x86_64 | 1.0.3 | 136.00 | OK | |||
r-oldrel-windows-x86_64 | 1.0.3 | 6.00 | 236.00 | 242.00 | OK |
Version: 1.0.3
Check: Rd files
Result: NOTE
checkRd: (-1) predictPair.Rd:20: Lost braces; missing escapes or markup?
20 | A number in the set {-1, 0, 1}, where 1 means row1 is predicted to
| ^
checkRd: (-1) predictPairInternal.Rd:18: Lost braces; missing escapes or markup?
18 | A number in the set {-1, 0, 1}, where 1 means row1 is predicted to
| ^
Flavors: r-devel-linux-x86_64-debian-clang, r-devel-linux-x86_64-debian-gcc, r-devel-linux-x86_64-fedora-clang, r-devel-linux-x86_64-fedora-gcc, r-devel-windows-x86_64, r-patched-linux-x86_64, r-release-macos-arm64, r-release-windows-x86_64