Last updated on 2024-05-13 05:52:32 CEST.
Flavor | Version | Tinstall | Tcheck | Ttotal | Status | Flags |
---|---|---|---|---|---|---|
r-devel-linux-x86_64-debian-clang | 0.1.2 | 86.26 | 127.09 | 213.35 | OK | |
r-devel-linux-x86_64-debian-gcc | 0.1.2 | 68.00 | 96.05 | 164.05 | OK | |
r-devel-linux-x86_64-fedora-clang | 0.1.2 | 312.06 | NOTE | |||
r-devel-linux-x86_64-fedora-gcc | 0.1.2 | 364.05 | OK | |||
r-devel-windows-x86_64 | 0.1.2 | 65.00 | 143.00 | 208.00 | NOTE | |
r-patched-linux-x86_64 | 0.1.2 | 79.03 | 124.41 | 203.44 | OK | |
r-release-linux-x86_64 | 0.1.2 | 88.64 | 120.29 | 208.93 | OK | |
r-release-macos-arm64 | 0.1.2 | 70.00 | NOTE | |||
r-release-windows-x86_64 | 0.1.2 | 64.00 | 142.00 | 206.00 | NOTE | |
r-oldrel-macos-arm64 | 0.1.2 | 77.00 | NOTE | |||
r-oldrel-macos-x86_64 | 0.1.2 | 166.00 | NOTE | |||
r-oldrel-windows-x86_64 | 0.1.2 | 66.00 | 166.00 | 232.00 | NOTE |
Version: 0.1.2
Check: installed package size
Result: NOTE
installed size is 5.1Mb
sub-directories of 1Mb or more:
doc 4.2Mb
Flavors: r-devel-linux-x86_64-fedora-clang, r-devel-windows-x86_64, r-release-macos-arm64, r-release-windows-x86_64, r-oldrel-macos-arm64, r-oldrel-macos-x86_64, r-oldrel-windows-x86_64