Last updated on 2024-04-30 21:50:12 CEST.
Flavor | Version | Tinstall | Tcheck | Ttotal | Status | Flags |
---|---|---|---|---|---|---|
r-devel-linux-x86_64-debian-clang | 1.6.1 | 62.53 | 63.50 | 126.03 | NOTE | |
r-devel-linux-x86_64-debian-gcc | 1.6.1 | 51.12 | 52.09 | 103.21 | NOTE | |
r-devel-linux-x86_64-fedora-clang | 1.6.1 | 168.77 | NOTE | |||
r-devel-linux-x86_64-fedora-gcc | 1.6.1 | 181.31 | NOTE | |||
r-devel-windows-x86_64 | 1.6.1 | 51.00 | 91.00 | 142.00 | NOTE | |
r-patched-linux-x86_64 | 1.6.1 | 69.41 | 66.80 | 136.21 | NOTE | |
r-release-linux-x86_64 | 1.6.1 | 65.61 | 66.92 | 132.53 | NOTE | |
r-release-macos-arm64 | 1.6.1 | 46.00 | NOTE | |||
r-release-windows-x86_64 | 1.6.1 | 49.00 | 93.00 | 142.00 | NOTE | |
r-oldrel-macos-arm64 | 1.6.1 | 51.00 | NOTE | |||
r-oldrel-macos-x86_64 | 1.6.1 | 75.00 | NOTE | |||
r-oldrel-windows-x86_64 | 1.6.1 | 58.00 | 111.00 | 169.00 | NOTE |
Version: 1.6.1
Check: C++ specification
Result: NOTE
Specified C++11: please drop specification unless essential
Flavors: r-devel-linux-x86_64-debian-clang, r-devel-linux-x86_64-debian-gcc, r-devel-linux-x86_64-fedora-clang, r-devel-linux-x86_64-fedora-gcc, r-devel-windows-x86_64, r-patched-linux-x86_64, r-release-linux-x86_64, r-release-macos-arm64, r-release-windows-x86_64, r-oldrel-macos-arm64, r-oldrel-macos-x86_64, r-oldrel-windows-x86_64
Version: 1.6.1
Check: installed package size
Result: NOTE
installed size is 15.9Mb
sub-directories of 1Mb or more:
libs 15.8Mb
Flavors: r-release-macos-arm64, r-oldrel-macos-arm64, r-oldrel-macos-x86_64