Last updated on 2024-04-28 06:56:00 CEST.
Flavor | Version | Tinstall | Tcheck | Ttotal | Status | Flags |
---|---|---|---|---|---|---|
r-devel-linux-x86_64-debian-clang | 0.1.0 | 4.79 | 53.46 | 58.25 | NOTE | |
r-devel-linux-x86_64-debian-gcc | 0.1.0 | 4.00 | 40.09 | 44.09 | NOTE | |
r-devel-linux-x86_64-fedora-clang | 0.1.0 | 73.40 | NOTE | |||
r-devel-linux-x86_64-fedora-gcc | 0.1.0 | 69.71 | NOTE | |||
r-devel-windows-x86_64 | 0.1.0 | 6.00 | 63.00 | 69.00 | NOTE | |
r-patched-linux-x86_64 | 0.1.0 | 3.25 | 51.63 | 54.88 | NOTE | |
r-release-linux-x86_64 | 0.1.0 | 3.44 | 51.43 | 54.87 | NOTE | |
r-release-macos-arm64 | 0.1.0 | 26.00 | NOTE | |||
r-release-windows-x86_64 | 0.1.0 | 7.00 | 63.00 | 70.00 | NOTE | |
r-oldrel-macos-arm64 | 0.1.0 | 26.00 | NOTE | |||
r-oldrel-macos-x86_64 | 0.1.0 | 37.00 | NOTE | |||
r-oldrel-windows-x86_64 | 0.1.0 | 7.00 | 68.00 | 75.00 | NOTE |
Version: 0.1.0
Check: LazyData
Result: NOTE
'LazyData' is specified without a 'data' directory
Flavors: r-devel-linux-x86_64-debian-clang, r-devel-linux-x86_64-debian-gcc, r-devel-linux-x86_64-fedora-clang, r-devel-linux-x86_64-fedora-gcc, r-devel-windows-x86_64, r-patched-linux-x86_64, r-release-linux-x86_64, r-release-macos-arm64, r-release-windows-x86_64, r-oldrel-macos-arm64, r-oldrel-macos-x86_64, r-oldrel-windows-x86_64