Last updated on 2024-05-23 12:48:27 CEST.
Flavor | Version | Tinstall | Tcheck | Ttotal | Status | Flags |
---|---|---|---|---|---|---|
r-devel-linux-x86_64-debian-clang | 0.1.7 | 14.51 | 38.34 | 52.85 | NOTE | |
r-devel-linux-x86_64-debian-gcc | 0.1.7 | 10.02 | 28.82 | 38.84 | NOTE | |
r-devel-linux-x86_64-fedora-clang | 0.1.7 | 63.43 | NOTE | |||
r-devel-linux-x86_64-fedora-gcc | 0.1.7 | 62.79 | NOTE | |||
r-devel-windows-x86_64 | 0.1.7 | 62.00 | 54.00 | 116.00 | NOTE | |
r-patched-linux-x86_64 | 0.1.7 | 12.78 | 35.71 | 48.49 | NOTE | |
r-release-linux-x86_64 | 0.1.7 | 12.27 | 36.19 | 48.46 | NOTE | |
r-release-macos-arm64 | 0.1.7 | 24.00 | NOTE | |||
r-release-windows-x86_64 | 0.1.7 | 62.00 | 53.00 | 115.00 | NOTE | |
r-oldrel-macos-arm64 | 0.1.7 | 28.00 | OK | |||
r-oldrel-macos-x86_64 | 0.1.7 | 39.00 | OK | |||
r-oldrel-windows-x86_64 | 0.1.7 | 59.00 | 58.00 | 117.00 | OK |
Version: 0.1.7
Check: Rd files
Result: NOTE
checkRd: (-1) gensvm.grid.Rd:125: Lost braces
125 | "Kernels in GenSVM" in the code{ink{gensvm-package}} page for more info.}
| ^
checkRd: (-1) gensvm.grid.Rd:125: Lost braces
125 | "Kernels in GenSVM" in the code{ink{gensvm-package}} page for more info.}
| ^
checkRd: (-1) gensvm.grid.Rd:127: Lost braces
127 | GenSVM" in the code{ink{gensvm-package}} page for more info.}
| ^
checkRd: (-1) gensvm.grid.Rd:127: Lost braces
127 | GenSVM" in the code{ink{gensvm-package}} page for more info.}
| ^
checkRd: (-1) gensvm.grid.Rd:129: Lost braces
129 | section "Kernels in GenSVM" in the code{ink{gensvm-package}} page for more
| ^
checkRd: (-1) gensvm.grid.Rd:129: Lost braces
129 | section "Kernels in GenSVM" in the code{ink{gensvm-package}} page for more
| ^
Flavors: r-devel-linux-x86_64-debian-clang, r-devel-linux-x86_64-debian-gcc, r-devel-linux-x86_64-fedora-clang, r-devel-linux-x86_64-fedora-gcc, r-devel-windows-x86_64, r-patched-linux-x86_64, r-release-linux-x86_64, r-release-macos-arm64, r-release-windows-x86_64