Last updated on 2024-05-21 12:52:50 CEST.
Flavor | Version | Tinstall | Tcheck | Ttotal | Status | Flags |
---|---|---|---|---|---|---|
r-devel-linux-x86_64-debian-clang | 0.1.2 | 7.04 | 43.22 | 50.26 | OK | |
r-devel-linux-x86_64-debian-gcc | 0.1.2 | 4.80 | 32.76 | 37.56 | OK | |
r-devel-linux-x86_64-fedora-clang | 0.1.2 | 61.22 | NOTE | |||
r-devel-linux-x86_64-fedora-gcc | 0.1.2 | 59.25 | NOTE | |||
r-devel-windows-x86_64 | 0.1.2 | 8.00 | 54.00 | 62.00 | OK | |
r-patched-linux-x86_64 | 0.1.2 | 6.99 | 40.52 | 47.51 | OK | |
r-release-linux-x86_64 | 0.1.2 | 6.31 | 41.19 | 47.50 | OK | |
r-release-macos-arm64 | 0.1.2 | 22.00 | OK | |||
r-release-windows-x86_64 | 0.1.2 | 9.00 | 54.00 | 63.00 | OK | |
r-oldrel-macos-arm64 | 0.1.2 | 26.00 | OK | |||
r-oldrel-macos-x86_64 | 0.1.2 | 34.00 | OK | |||
r-oldrel-windows-x86_64 | 0.1.2 | 10.00 | 58.00 | 68.00 | OK |
Version: 0.1.2
Check: dependencies in R code
Result: NOTE
Namespaces in Imports field not imported from:
‘rclipboard’ ‘shinyBS’ ‘shinyWidgets’ ‘shinyjs’
All declared Imports should be used.
Flavors: r-devel-linux-x86_64-fedora-clang, r-devel-linux-x86_64-fedora-gcc