CRAN Package Check Results for Package ff

Last updated on 2015-01-27 21:47:54.

Flavor Version Tinstall Tcheck Ttotal Status Flags
r-devel-linux-x86_64-debian-clang 2.2-13 19.76 44.70 64.46 WARN
r-devel-linux-x86_64-debian-gcc 2.2-13 26.60 43.31 69.92 NOTE
r-devel-linux-x86_64-fedora-clang 2.2-13 129.66 WARN
r-devel-linux-x86_64-fedora-gcc 2.2-13 135.03 NOTE
r-devel-osx-x86_64-clang 2.2-13 120.50 WARN
r-devel-windows-ix86+x86_64 2.2-13 71.00 78.00 149.00 OK
r-patched-linux-x86_64 2.2-13 27.29 46.89 74.18 OK
r-patched-solaris-sparc 2.2-13 796.10 OK
r-patched-solaris-x86 2.2-13 203.70 OK
r-release-linux-ix86 2.2-13 31.18 55.73 86.90 OK
r-release-linux-x86_64 2.2-13 30.07 48.48 78.55 OK
r-release-osx-x86_64-mavericks 2.2-13 OK
r-release-osx-x86_64-snowleopard 2.2-13 OK
r-release-windows-ix86+x86_64 2.2-13 80.00 87.00 167.00 OK
r-oldrel-windows-ix86+x86_64 2.2-13 75.00 88.00 163.00 OK

Check Details

Version: 2.2-13
Check: whether package can be installed
Result: WARN
    Found the following significant warnings:
     ff.cpp:256:16: warning: 'long long' is a C++11 extension [-Wc++11-long-long]
     ff.cpp:256:54: warning: 'long long' is a C++11 extension [-Wc++11-long-long]
Flavors: r-devel-linux-x86_64-debian-clang, r-devel-linux-x86_64-fedora-clang, r-devel-osx-x86_64-clang

Version: 2.2-13
Check: S3 generic/method consistency
Result: NOTE
    Found the following apparent S3 methods exported but not registered:
     as.hi.logical keyorder.default keysort.default mergeorder.default
     mergesort.default radixorder.default radixsort.default
     ramorder.default ramsort.default shellorder.default shellsort.default
    See section ‘Registering S3 methods’ in the ‘Writing R Extensions’
    manual.
Flavors: r-devel-linux-x86_64-debian-clang, r-devel-linux-x86_64-debian-gcc, r-devel-linux-x86_64-fedora-clang, r-devel-linux-x86_64-fedora-gcc, r-devel-osx-x86_64-clang