CRAN Package Check Results for Package ff

Last updated on 2015-04-28 12:47:22.

Flavor Version Tinstall Tcheck Ttotal Status Flags
r-devel-linux-x86_64-debian-clang 2.2-13 19.68 44.40 64.08 WARN
r-devel-linux-x86_64-debian-gcc 2.2-13 26.32 44.86 71.18 NOTE
r-devel-linux-x86_64-fedora-clang 2.2-13 125.94 WARN
r-devel-linux-x86_64-fedora-gcc 2.2-13 125.36 NOTE
r-devel-osx-x86_64-clang 2.2-13 113.74 WARN
r-devel-windows-ix86+x86_64 2.2-13 82.00 92.00 174.00 OK
r-patched-linux-x86_64 2.2-13 27.08 45.33 72.41 NOTE
r-patched-solaris-sparc 2.2-13 777.50 OK
r-patched-solaris-x86 2.2-13 193.20 NOTE
r-release-linux-x86_64 2.2-13 26.51 45.98 72.49 NOTE
r-release-osx-x86_64-mavericks 2.2-13 OK
r-release-osx-x86_64-snowleopard 2.2-13 OK
r-release-windows-ix86+x86_64 2.2-13 77.00 89.00 166.00 OK
r-oldrel-windows-ix86+x86_64 2.2-13 71.00 95.00 166.00 OK

Check Details

Version: 2.2-13
Check: whether package can be installed
Result: WARN
    Found the following significant warnings:
     ff.cpp:256:16: warning: 'long long' is a C++11 extension [-Wc++11-long-long]
     ff.cpp:256:54: warning: 'long long' is a C++11 extension [-Wc++11-long-long]
Flavors: r-devel-linux-x86_64-debian-clang, r-devel-linux-x86_64-fedora-clang, r-devel-osx-x86_64-clang

Version: 2.2-13
Check: S3 generic/method consistency
Result: NOTE
    Found the following apparent S3 methods exported but not registered:
     as.hi.logical keyorder.default keysort.default mergeorder.default
     mergesort.default radixorder.default radixsort.default
     ramorder.default ramsort.default shellorder.default shellsort.default
    See section ‘Registering S3 methods’ in the ‘Writing R Extensions’
    manual.
Flavors: r-devel-linux-x86_64-debian-clang, r-devel-linux-x86_64-debian-gcc, r-devel-linux-x86_64-fedora-clang, r-devel-linux-x86_64-fedora-gcc, r-devel-osx-x86_64-clang, r-patched-linux-x86_64, r-patched-solaris-x86, r-release-linux-x86_64