CRAN Package Check Results for Package ff

Last updated on 2016-04-30 11:49:00.

Flavor Version Tinstall Tcheck Ttotal Status Flags
r-devel-linux-x86_64-debian-gcc 2.2-13 25.21 45.81 71.02 NOTE
r-devel-linux-x86_64-fedora-clang 2.2-13 131.65 WARN
r-devel-linux-x86_64-fedora-gcc 2.2-13 123.89 NOTE
r-devel-osx-x86_64-clang 2.2-13 153.30 WARN
r-devel-windows-ix86+x86_64 2.2-13 83.00 100.00 183.00 NOTE
r-patched-linux-x86_64 2.2-13 26.02 44.89 70.92 NOTE
r-patched-solaris-sparc 2.2-13 752.00 NOTE
r-patched-solaris-x86 2.2-13 186.00 NOTE
r-release-linux-x86_64 2.2-13 26.41 46.62 73.03 NOTE
r-release-osx-x86_64-mavericks 2.2-13 OK
r-release-windows-ix86+x86_64 2.2-13 76.00 102.00 178.00 OK
r-oldrel-windows-ix86+x86_64 2.2-13 98.00 93.00 191.00 OK

Check Details

Version: 2.2-13
Check: S3 generic/method consistency
Result: NOTE
    Found the following apparent S3 methods exported but not registered:
     as.hi.logical keyorder.default keysort.default mergeorder.default
     mergesort.default radixorder.default radixsort.default
     ramorder.default ramsort.default shellorder.default shellsort.default
    See section ‘Registering S3 methods’ in the ‘Writing R Extensions’
    manual.
Flavors: r-devel-linux-x86_64-debian-gcc, r-devel-linux-x86_64-fedora-clang, r-devel-linux-x86_64-fedora-gcc, r-devel-osx-x86_64-clang, r-patched-linux-x86_64, r-patched-solaris-sparc, r-patched-solaris-x86, r-release-linux-x86_64

Version: 2.2-13
Check: R code for possible problems
Result: NOTE
    bigsample.default: no visible global function definition for ‘runif’
    cmedian: no visible binding for global variable ‘median’
    cquantile: no visible binding for global variable ‘quantile’
    read.table.ffdf: no visible binding for global variable ‘read.fwf’
    read.table.ffdf: no visible binding for global variable ‘read.table’
    regtest.fforder: no visible global function definition for ‘runif’
    str.ff: no visible global function definition for ‘str’
    str.ffdf: no visible global function definition for ‘str’
    str.hi: no visible global function definition for ‘str’
    write.csv: no visible binding for global variable ‘write.table’
    write.csv2: no visible binding for global variable ‘write.table’
    Undefined global functions or variables:
     median quantile read.fwf read.table runif str write.table
    Consider adding
     importFrom("stats", "median", "quantile", "runif")
     importFrom("utils", "read.fwf", "read.table", "str", "write.table")
    to your NAMESPACE file.
Flavors: r-devel-linux-x86_64-debian-gcc, r-devel-linux-x86_64-fedora-clang, r-devel-linux-x86_64-fedora-gcc, r-devel-osx-x86_64-clang, r-devel-windows-ix86+x86_64, r-patched-linux-x86_64, r-patched-solaris-sparc, r-patched-solaris-x86

Version: 2.2-13
Check: whether package can be installed
Result: WARN
    Found the following significant warnings:
     ff.cpp:256:16: warning: 'long long' is a C++11 extension [-Wc++11-long-long]
     ff.cpp:256:54: warning: 'long long' is a C++11 extension [-Wc++11-long-long]
Flavors: r-devel-linux-x86_64-fedora-clang, r-devel-osx-x86_64-clang