Last updated on 2024-05-11 12:48:00 CEST.
Flavor | Version | Tinstall | Tcheck | Ttotal | Status | Flags |
---|---|---|---|---|---|---|
r-devel-linux-x86_64-debian-clang | 0.1.1 | 80.74 | 109.00 | 189.74 | OK | |
r-devel-linux-x86_64-debian-gcc | 0.1.1 | 78.02 | 84.59 | 162.61 | OK | |
r-devel-linux-x86_64-fedora-clang | 0.1.1 | 256.00 | OK | |||
r-devel-linux-x86_64-fedora-gcc | 0.1.1 | 326.99 | OK | |||
r-devel-windows-x86_64 | 0.1.1 | 64.00 | 110.00 | 174.00 | OK | |
r-patched-linux-x86_64 | 0.1.1 | 64.97 | 109.76 | 174.73 | OK | |
r-release-linux-x86_64 | 0.1.1 | 75.67 | 107.89 | 183.56 | OK | |
r-release-macos-arm64 | 0.1.1 | 63.00 | NOTE | |||
r-release-macos-x86_64 | 0.1.1 | 170.00 | NOTE | |||
r-release-windows-x86_64 | 0.1.1 | 61.00 | 108.00 | 169.00 | OK | |
r-oldrel-macos-arm64 | 0.1.1 | 71.00 | NOTE | |||
r-oldrel-macos-x86_64 | 0.1.1 | 140.00 | NOTE | |||
r-oldrel-windows-x86_64 | 0.1.1 | 83.00 | 131.00 | 214.00 | OK |
Version: 0.1.1
Check: installed package size
Result: NOTE
installed size is 17.0Mb
sub-directories of 1Mb or more:
libs 16.9Mb
Flavors: r-release-macos-arm64, r-release-macos-x86_64, r-oldrel-macos-arm64, r-oldrel-macos-x86_64