Last updated on 2024-05-13 05:52:30 CEST.
Flavor | Version | Tinstall | Tcheck | Ttotal | Status | Flags |
---|---|---|---|---|---|---|
r-devel-linux-x86_64-debian-clang | 0.5.1 | 33.98 | 79.96 | 113.94 | NOTE | |
r-devel-linux-x86_64-debian-gcc | 0.5.1 | 28.51 | 64.01 | 92.52 | NOTE | |
r-devel-linux-x86_64-fedora-clang | 0.5.1 | 168.14 | NOTE | |||
r-devel-linux-x86_64-fedora-gcc | 0.5.1 | 209.08 | NOTE | |||
r-devel-windows-x86_64 | 0.5.1 | 29.00 | 105.00 | 134.00 | NOTE | |
r-patched-linux-x86_64 | 0.5.1 | 31.92 | 81.66 | 113.58 | NOTE | |
r-release-linux-x86_64 | 0.5.1 | 36.39 | 81.86 | 118.25 | NOTE | |
r-release-macos-arm64 | 0.5.1 | 41.00 | NOTE | |||
r-release-windows-x86_64 | 0.5.1 | 29.00 | 104.00 | 133.00 | NOTE | |
r-oldrel-macos-arm64 | 0.5.1 | 46.00 | NOTE | |||
r-oldrel-macos-x86_64 | 0.5.1 | 72.00 | NOTE | |||
r-oldrel-windows-x86_64 | 0.5.1 | 37.00 | 125.00 | 162.00 | NOTE |
Version: 0.5.1
Check: C++ specification
Result: NOTE
Specified C++11: please drop specification unless essential
Flavors: r-devel-linux-x86_64-debian-clang, r-devel-linux-x86_64-debian-gcc, r-devel-linux-x86_64-fedora-clang, r-devel-linux-x86_64-fedora-gcc, r-devel-windows-x86_64, r-patched-linux-x86_64, r-release-linux-x86_64, r-release-macos-arm64, r-release-windows-x86_64, r-oldrel-macos-arm64, r-oldrel-macos-x86_64, r-oldrel-windows-x86_64