CRAN Package Check Results for Package etable

Last updated on 2016-05-01 21:46:46.

Flavor Version Tinstall Tcheck Ttotal Status Flags
r-devel-linux-x86_64-debian-gcc 1.2.0 3.16 44.48 47.63 NOTE
r-devel-linux-x86_64-fedora-clang 1.2.0 94.88 NOTE
r-devel-linux-x86_64-fedora-gcc 1.2.0 87.99 NOTE
r-devel-osx-x86_64-clang 1.2.0 103.72 NOTE
r-devel-windows-ix86+x86_64 1.2.0 11.00 84.00 95.00 NOTE
r-patched-linux-x86_64 1.2.0 3.07 42.88 45.95 NOTE
r-patched-solaris-sparc 1.2.0 369.30 NOTE
r-patched-solaris-x86 1.2.0 125.30 NOTE
r-release-linux-x86_64 1.2.0 3.51 68.76 72.27 NOTE
r-release-osx-x86_64-mavericks 1.2.0 NOTE
r-release-windows-ix86+x86_64 1.2.0 16.00 141.00 157.00 NOTE
r-oldrel-windows-ix86+x86_64 1.2.0 26.00 194.00 220.00 NOTE

Check Details

Version: 1.2.0
Check: dependencies in R code
Result: NOTE
    Packages in Depends field not imported from:
     ‘Hmisc’ ‘xtable’
     These packages need to be imported from (in the NAMESPACE file)
     for when this namespace is loaded but not attached.
Flavors: r-devel-linux-x86_64-debian-gcc, r-devel-linux-x86_64-fedora-clang, r-devel-linux-x86_64-fedora-gcc, r-devel-osx-x86_64-clang, r-devel-windows-ix86+x86_64, r-patched-linux-x86_64, r-patched-solaris-sparc, r-patched-solaris-x86, r-release-linux-x86_64, r-release-osx-x86_64-mavericks, r-release-windows-ix86+x86_64, r-oldrel-windows-ix86+x86_64

Version: 1.2.0
Check: R code for possible problems
Result: NOTE
    corr_p_cell: no visible global function definition for ‘cov.wt’
    iqr_cell: no visible global function definition for ‘quantile’
    iqr_cell: no visible global function definition for ‘wtd.quantile’
    mean_sd_cell: no visible global function definition for ‘wtd.mean’
    mean_sd_cell: no visible global function definition for ‘wtd.var’
    mode_cell: no visible global function definition for ‘wtd.table’
    quantile_cell: no visible global function definition for ‘wtd.quantile’
    quantile_cell: no visible global function definition for ‘quantile’
    stat_cell: no visible global function definition for ‘quantile’
    stat_cell: no visible global function definition for ‘wtd.quantile’
    stat_cell: no visible global function definition for ‘wtd.mean’
    stat_cell: no visible global function definition for ‘wtd.var’
    stat_cell: no visible global function definition for ‘mad’
    stat_cell: no visible global function definition for ‘wtd.table’
    Undefined global functions or variables:
     cov.wt mad quantile wtd.mean wtd.quantile wtd.table wtd.var
    Consider adding
     importFrom("stats", "cov.wt", "mad", "quantile")
    to your NAMESPACE file.
Flavors: r-devel-linux-x86_64-debian-gcc, r-devel-linux-x86_64-fedora-clang, r-devel-linux-x86_64-fedora-gcc, r-devel-osx-x86_64-clang, r-devel-windows-ix86+x86_64, r-patched-linux-x86_64, r-patched-solaris-sparc, r-patched-solaris-x86

Version: 1.2.0
Check: R code for possible problems
Result: NOTE
    iqr_cell: no visible global function definition for ‘wtd.quantile’
    mean_sd_cell: no visible global function definition for ‘wtd.mean’
    mean_sd_cell: no visible global function definition for ‘wtd.var’
    mode_cell: no visible global function definition for ‘wtd.table’
    quantile_cell: no visible global function definition for ‘wtd.quantile’
    stat_cell: no visible global function definition for ‘wtd.quantile’
    stat_cell: no visible global function definition for ‘wtd.mean’
    stat_cell: no visible global function definition for ‘wtd.var’
    stat_cell: no visible global function definition for ‘wtd.table’
Flavors: r-release-linux-x86_64, r-release-osx-x86_64-mavericks, r-release-windows-ix86+x86_64, r-oldrel-windows-ix86+x86_64