CRAN Package Check Results for Package etable

Last updated on 2014-09-17 03:47:35.

Flavor Version Tinstall Tcheck Ttotal Status Flags
r-devel-linux-x86_64-debian-clang 1.2.0 1.13 59.14 60.27 NOTE
r-devel-linux-x86_64-debian-gcc 1.2.0 1.08 57.10 58.19 NOTE
r-devel-linux-x86_64-fedora-clang 1.2.0 113.27 NOTE
r-devel-linux-x86_64-fedora-gcc 1.2.0 106.86 NOTE
r-devel-osx-x86_64-clang 1.2.0 94.58 NOTE
r-devel-windows-ix86+x86_64 1.2.0 6.00 87.00 93.00 NOTE
r-patched-linux-x86_64 1.2.0 1.09 59.42 60.51 NOTE
r-patched-solaris-sparc 1.2.0 508.40 NOTE
r-patched-solaris-x86 1.2.0 114.90 NOTE
r-release-linux-ix86 1.2.0 1.72 58.72 60.43 NOTE
r-release-linux-x86_64 1.2.0 1.25 59.78 61.03 NOTE
r-release-osx-x86_64-mavericks 1.2.0 NOTE
r-release-osx-x86_64-snowleopard 1.2.0 OK
r-release-windows-ix86+x86_64 1.2.0 7.00 93.00 100.00 NOTE
r-oldrel-windows-ix86+x86_64 1.2.0 7.00 73.00 80.00 NOTE

Check Details

Version: 1.2.0
Check: dependencies in R code
Result: NOTE
    Packages in Depends field not imported from:
     ‘Hmisc’ ‘xtable’
     These packages need to be imported from (in the NAMESPACE file)
     for when this namespace is loaded but not attached.
    See the information on DESCRIPTION files in the chapter ‘Creating R
    packages’ of the ‘Writing R Extensions’ manual.
Flavors: r-devel-linux-x86_64-debian-clang, r-devel-linux-x86_64-debian-gcc, r-devel-linux-x86_64-fedora-clang, r-devel-linux-x86_64-fedora-gcc, r-devel-osx-x86_64-clang, r-devel-windows-ix86+x86_64, r-patched-linux-x86_64, r-patched-solaris-sparc, r-patched-solaris-x86, r-release-linux-ix86, r-release-linux-x86_64, r-release-osx-x86_64-mavericks, r-release-windows-ix86+x86_64, r-oldrel-windows-ix86+x86_64

Version: 1.2.0
Check: R code for possible problems
Result: NOTE
    iqr_cell: no visible global function definition for ‘wtd.quantile’
    mean_sd_cell: no visible global function definition for ‘wtd.mean’
    mean_sd_cell: no visible global function definition for ‘wtd.var’
    mode_cell: no visible global function definition for ‘wtd.table’
    quantile_cell: no visible global function definition for ‘wtd.quantile’
    stat_cell: no visible global function definition for ‘wtd.quantile’
    stat_cell: no visible global function definition for ‘wtd.mean’
    stat_cell: no visible global function definition for ‘wtd.var’
    stat_cell: no visible global function definition for ‘wtd.table’
Flavors: r-devel-linux-x86_64-debian-clang, r-devel-linux-x86_64-debian-gcc, r-devel-linux-x86_64-fedora-clang, r-devel-linux-x86_64-fedora-gcc, r-devel-osx-x86_64-clang, r-devel-windows-ix86+x86_64