CRAN Package Check Results for Package etable

Last updated on 2015-03-01 19:48:02.

Flavor Version Tinstall Tcheck Ttotal Status Flags
r-devel-linux-x86_64-debian-clang 1.2.0 1.66 55.10 56.76 NOTE
r-devel-linux-x86_64-debian-gcc 1.2.0 1.49 53.76 55.25 NOTE
r-devel-linux-x86_64-fedora-clang 1.2.0 107.08 NOTE
r-devel-linux-x86_64-fedora-gcc 1.2.0 101.00 NOTE
r-devel-osx-x86_64-clang 1.2.0 97.48 NOTE
r-devel-windows-ix86+x86_64 1.2.0 6.00 82.00 88.00 NOTE
r-patched-linux-x86_64 1.2.0 3.74 69.62 73.36 NOTE
r-patched-solaris-sparc 1.2.0 509.90 NOTE
r-patched-solaris-x86 1.2.0 144.40 NOTE
r-release-linux-ix86 1.2.0 2.78 66.18 68.96 NOTE
r-release-linux-x86_64 1.2.0 3.38 70.78 74.17 NOTE
r-release-osx-x86_64-mavericks 1.2.0 NOTE
r-release-osx-x86_64-snowleopard 1.2.0 OK
r-release-windows-ix86+x86_64 1.2.0 11.00 113.00 124.00 NOTE
r-oldrel-windows-ix86+x86_64 1.2.0 13.00 95.00 108.00 NOTE

Check Details

Version: 1.2.0
Check: dependencies in R code
Result: NOTE
    Packages in Depends field not imported from:
     ‘Hmisc’ ‘xtable’
     These packages need to be imported from (in the NAMESPACE file)
     for when this namespace is loaded but not attached.
Flavors: r-devel-linux-x86_64-debian-clang, r-devel-linux-x86_64-debian-gcc, r-devel-linux-x86_64-fedora-clang, r-devel-linux-x86_64-fedora-gcc, r-devel-osx-x86_64-clang, r-devel-windows-ix86+x86_64, r-patched-linux-x86_64, r-patched-solaris-x86

Version: 1.2.0
Check: R code for possible problems
Result: NOTE
    iqr_cell: no visible global function definition for ‘wtd.quantile’
    mean_sd_cell: no visible global function definition for ‘wtd.mean’
    mean_sd_cell: no visible global function definition for ‘wtd.var’
    mode_cell: no visible global function definition for ‘wtd.table’
    quantile_cell: no visible global function definition for ‘wtd.quantile’
    stat_cell: no visible global function definition for ‘wtd.quantile’
    stat_cell: no visible global function definition for ‘wtd.mean’
    stat_cell: no visible global function definition for ‘wtd.var’
    stat_cell: no visible global function definition for ‘wtd.table’
Flavors: r-devel-linux-x86_64-debian-clang, r-devel-linux-x86_64-debian-gcc, r-devel-linux-x86_64-fedora-clang, r-devel-linux-x86_64-fedora-gcc, r-devel-osx-x86_64-clang, r-devel-windows-ix86+x86_64, r-patched-linux-x86_64, r-patched-solaris-sparc, r-patched-solaris-x86, r-release-linux-ix86, r-release-linux-x86_64, r-release-osx-x86_64-mavericks, r-release-windows-ix86+x86_64

Version: 1.2.0
Check: dependencies in R code
Result: NOTE
    Packages in Depends field not imported from:
     ‘Hmisc’ ‘xtable’
     These packages need to be imported from (in the NAMESPACE file)
     for when this namespace is loaded but not attached.
    See the information on DESCRIPTION files in the chapter ‘Creating R
    packages’ of the ‘Writing R Extensions’ manual.
Flavors: r-patched-solaris-sparc, r-release-linux-ix86, r-release-linux-x86_64, r-release-osx-x86_64-mavericks, r-release-windows-ix86+x86_64, r-oldrel-windows-ix86+x86_64