CRAN Package Check Results for Package etable

Last updated on 2014-08-21 03:48:16.

Flavor Version Tinstall Tcheck Ttotal Status Flags
r-devel-linux-x86_64-debian-clang 1.2.0 1.10 57.95 59.06 NOTE
r-devel-linux-x86_64-debian-gcc 1.2.0 1.12 54.69 55.81 NOTE
r-devel-linux-x86_64-fedora-clang 1.2.0 117.22 NOTE
r-devel-linux-x86_64-fedora-gcc 1.2.0 108.49 NOTE
r-devel-osx-x86_64-clang 1.2.0 95.65 NOTE
r-devel-windows-ix86+x86_64 1.2.0 5.00 85.00 90.00 NOTE
r-patched-linux-x86_64 1.2.0 1.12 56.26 57.38 NOTE
r-patched-solaris-sparc 1.2.0 508.40 NOTE
r-patched-solaris-x86 1.2.0 113.10 NOTE
r-release-linux-ix86 1.2.0 1.63 58.70 60.33 NOTE
r-release-linux-x86_64 1.2.0 1.20 56.13 57.32 NOTE
r-release-osx-x86_64-mavericks 1.2.0 NOTE
r-release-osx-x86_64-snowleopard 1.2.0 OK
r-release-windows-ix86+x86_64 1.2.0 6.00 89.00 95.00 NOTE
r-oldrel-windows-ix86+x86_64 1.2.0 6.00 71.00 77.00 NOTE

Check Details

Version: 1.2.0
Check: dependencies in R code
Result: NOTE
    Packages in Depends field not imported from:
     ‘Hmisc’ ‘xtable’
     These packages need to be imported from (in the NAMESPACE file)
     for when this namespace is loaded but not attached.
    See the information on DESCRIPTION files in the chapter ‘Creating R
    packages’ of the ‘Writing R Extensions’ manual.
Flavors: r-devel-linux-x86_64-debian-clang, r-devel-linux-x86_64-debian-gcc, r-devel-linux-x86_64-fedora-clang, r-devel-linux-x86_64-fedora-gcc, r-devel-osx-x86_64-clang, r-devel-windows-ix86+x86_64, r-patched-linux-x86_64, r-patched-solaris-sparc, r-patched-solaris-x86, r-release-linux-ix86, r-release-linux-x86_64, r-release-osx-x86_64-mavericks, r-release-windows-ix86+x86_64, r-oldrel-windows-ix86+x86_64

Version: 1.2.0
Check: R code for possible problems
Result: NOTE
    iqr_cell: no visible global function definition for ‘wtd.quantile’
    mean_sd_cell: no visible global function definition for ‘wtd.mean’
    mean_sd_cell: no visible global function definition for ‘wtd.var’
    mode_cell: no visible global function definition for ‘wtd.table’
    quantile_cell: no visible global function definition for ‘wtd.quantile’
    stat_cell: no visible global function definition for ‘wtd.quantile’
    stat_cell: no visible global function definition for ‘wtd.mean’
    stat_cell: no visible global function definition for ‘wtd.var’
    stat_cell: no visible global function definition for ‘wtd.table’
Flavors: r-devel-linux-x86_64-fedora-clang, r-devel-linux-x86_64-fedora-gcc, r-devel-osx-x86_64-clang