CRAN Package Check Results for Package etable

Last updated on 2017-03-26 11:53:37.

Flavor Version Tinstall Tcheck Ttotal Status Flags
r-devel-linux-x86_64-debian-clang 1.2.0 3.48 52.21 55.68 NOTE
r-devel-linux-x86_64-debian-gcc 1.2.0 3.36 52.75 56.11 NOTE
r-devel-linux-x86_64-fedora-clang 1.2.0 120.54 NOTE --no-stop-on-test-error
r-devel-linux-x86_64-fedora-gcc 1.2.0 118.20 NOTE --no-stop-on-test-error
r-devel-macos-x86_64-clang 1.2.0 91.70 NOTE --no-stop-on-test-error
r-devel-windows-ix86+x86_64 1.2.0 12.00 99.00 111.00 NOTE
r-patched-linux-x86_64 1.2.0 3.48 52.20 55.68 NOTE
r-patched-solaris-sparc 1.2.0 699.80 NOTE
r-patched-solaris-x86 1.2.0 161.20 NOTE
r-release-linux-x86_64 1.2.0 3.51 47.25 50.75 NOTE
r-release-osx-x86_64-mavericks 1.2.0 NOTE
r-release-windows-ix86+x86_64 1.2.0 15.00 91.00 106.00 NOTE
r-oldrel-windows-ix86+x86_64 1.2.0 13.00 116.00 129.00 NOTE

Check Details

Version: 1.2.0
Check: dependencies in R code
Result: NOTE
    Packages in Depends field not imported from:
     ‘Hmisc’ ‘xtable’
     These packages need to be imported from (in the NAMESPACE file)
     for when this namespace is loaded but not attached.
Flavors: r-devel-linux-x86_64-debian-clang, r-devel-linux-x86_64-debian-gcc, r-devel-windows-ix86+x86_64, r-patched-linux-x86_64, r-patched-solaris-sparc, r-patched-solaris-x86, r-release-linux-x86_64, r-release-osx-x86_64-mavericks, r-release-windows-ix86+x86_64, r-oldrel-windows-ix86+x86_64

Version: 1.2.0
Check: R code for possible problems
Result: NOTE
    corr_p_cell: no visible global function definition for ‘cov.wt’
    iqr_cell: no visible global function definition for ‘quantile’
    iqr_cell: no visible global function definition for ‘wtd.quantile’
    mean_sd_cell: no visible global function definition for ‘wtd.mean’
    mean_sd_cell: no visible global function definition for ‘wtd.var’
    mode_cell: no visible global function definition for ‘wtd.table’
    quantile_cell: no visible global function definition for ‘wtd.quantile’
    quantile_cell: no visible global function definition for ‘quantile’
    stat_cell: no visible global function definition for ‘quantile’
    stat_cell: no visible global function definition for ‘wtd.quantile’
    stat_cell: no visible global function definition for ‘wtd.mean’
    stat_cell: no visible global function definition for ‘wtd.var’
    stat_cell: no visible global function definition for ‘mad’
    stat_cell: no visible global function definition for ‘wtd.table’
    Undefined global functions or variables:
     cov.wt mad quantile wtd.mean wtd.quantile wtd.table wtd.var
    Consider adding
     importFrom("stats", "cov.wt", "mad", "quantile")
    to your NAMESPACE file.
Flavors: r-devel-linux-x86_64-debian-clang, r-devel-linux-x86_64-debian-gcc, r-devel-windows-ix86+x86_64, r-patched-linux-x86_64, r-patched-solaris-sparc, r-patched-solaris-x86, r-release-linux-x86_64, r-release-osx-x86_64-mavericks, r-release-windows-ix86+x86_64

Version: 1.2.0
Flags: --no-stop-on-test-error
Check: dependencies in R code
Result: NOTE
    Packages in Depends field not imported from:
     ‘Hmisc’ ‘xtable’
     These packages need to be imported from (in the NAMESPACE file)
     for when this namespace is loaded but not attached.
Flavors: r-devel-linux-x86_64-fedora-clang, r-devel-linux-x86_64-fedora-gcc, r-devel-macos-x86_64-clang

Version: 1.2.0
Flags: --no-stop-on-test-error
Check: R code for possible problems
Result: NOTE
    corr_p_cell: no visible global function definition for ‘cov.wt’
    iqr_cell: no visible global function definition for ‘quantile’
    iqr_cell: no visible global function definition for ‘wtd.quantile’
    mean_sd_cell: no visible global function definition for ‘wtd.mean’
    mean_sd_cell: no visible global function definition for ‘wtd.var’
    mode_cell: no visible global function definition for ‘wtd.table’
    quantile_cell: no visible global function definition for ‘wtd.quantile’
    quantile_cell: no visible global function definition for ‘quantile’
    stat_cell: no visible global function definition for ‘quantile’
    stat_cell: no visible global function definition for ‘wtd.quantile’
    stat_cell: no visible global function definition for ‘wtd.mean’
    stat_cell: no visible global function definition for ‘wtd.var’
    stat_cell: no visible global function definition for ‘mad’
    stat_cell: no visible global function definition for ‘wtd.table’
    Undefined global functions or variables:
     cov.wt mad quantile wtd.mean wtd.quantile wtd.table wtd.var
    Consider adding
     importFrom("stats", "cov.wt", "mad", "quantile")
    to your NAMESPACE file.
Flavors: r-devel-linux-x86_64-fedora-clang, r-devel-linux-x86_64-fedora-gcc, r-devel-macos-x86_64-clang

Version: 1.2.0
Check: R code for possible problems
Result: NOTE
    iqr_cell: no visible global function definition for 'wtd.quantile'
    mean_sd_cell: no visible global function definition for 'wtd.mean'
    mean_sd_cell: no visible global function definition for 'wtd.var'
    mode_cell: no visible global function definition for 'wtd.table'
    quantile_cell: no visible global function definition for 'wtd.quantile'
    stat_cell: no visible global function definition for 'wtd.quantile'
    stat_cell: no visible global function definition for 'wtd.mean'
    stat_cell: no visible global function definition for 'wtd.var'
    stat_cell: no visible global function definition for 'wtd.table'
Flavor: r-oldrel-windows-ix86+x86_64