Last updated on 2024-05-19 11:59:40 CEST.
Flavor | Version | Tinstall | Tcheck | Ttotal | Status | Flags |
---|---|---|---|---|---|---|
r-devel-linux-x86_64-debian-clang | 0.15.2 | 196.91 | 419.45 | 616.36 | OK | |
r-devel-linux-x86_64-debian-gcc | 0.15.2 | 188.88 | 0.01 | 188.89 | FAIL | |
r-devel-linux-x86_64-fedora-clang | 0.15.2 | 782.61 | OK | |||
r-devel-linux-x86_64-fedora-gcc | 0.15.2 | 1189.42 | OK | |||
r-devel-windows-x86_64 | 0.15.2 | 139.00 | 416.00 | 555.00 | NOTE | |
r-patched-linux-x86_64 | 0.15.2 | 240.13 | 0.02 | 240.15 | FAIL | |
r-release-linux-x86_64 | 0.15.2 | 230.69 | 0.02 | 230.71 | FAIL | |
r-release-macos-arm64 | 0.15.2 | 213.00 | NOTE | |||
r-release-macos-x86_64 | 0.15.2 | 650.00 | NOTE | |||
r-release-windows-x86_64 | 0.15.2 | 150.00 | 412.00 | 562.00 | NOTE | |
r-oldrel-macos-arm64 | 0.15.2 | 211.00 | NOTE | |||
r-oldrel-macos-x86_64 | 0.15.2 | 590.00 | NOTE | |||
r-oldrel-windows-x86_64 | 0.15.2 | 198.00 | 526.00 | 724.00 | NOTE |
Version: 0.15.2
Check: tests
Result: FAIL
Flavors: r-devel-linux-x86_64-debian-gcc, r-patched-linux-x86_64, r-release-linux-x86_64
Version: 0.15.2
Check: installed package size
Result: NOTE
installed size is 14.2Mb
sub-directories of 1Mb or more:
libs 13.6Mb
Flavors: r-devel-windows-x86_64, r-release-macos-arm64, r-release-macos-x86_64, r-release-windows-x86_64, r-oldrel-macos-arm64, r-oldrel-macos-x86_64, r-oldrel-windows-x86_64