Last updated on 2024-05-08 05:56:16 CEST.
Flavor | Version | Tinstall | Tcheck | Ttotal | Status | Flags |
---|---|---|---|---|---|---|
r-devel-linux-x86_64-debian-clang | 1.0.0 | 11.26 | 268.41 | 279.67 | OK | |
r-devel-linux-x86_64-debian-gcc | 1.0.0 | 9.10 | 194.36 | 203.46 | OK | |
r-devel-linux-x86_64-fedora-clang | 1.0.0 | 356.41 | OK | |||
r-devel-linux-x86_64-fedora-gcc | 1.0.0 | 416.53 | OK | |||
r-devel-windows-x86_64 | 1.0.0 | 12.00 | 212.00 | 224.00 | OK | |
r-patched-linux-x86_64 | 1.0.0 | 15.98 | 259.65 | 275.63 | OK | |
r-release-linux-x86_64 | 1.0.0 | 9.60 | 261.58 | 271.18 | OK | |
r-release-macos-arm64 | 1.0.0 | 98.00 | OK | |||
r-release-windows-x86_64 | 1.0.0 | 13.00 | 209.00 | 222.00 | OK | |
r-oldrel-macos-arm64 | 1.0.0 | 120.00 | OK | |||
r-oldrel-macos-x86_64 | 1.0.0 | 181.00 | NOTE | |||
r-oldrel-windows-x86_64 | 1.0.0 | 15.00 | 261.00 | 276.00 | OK |
Version: 1.0.0
Check: package dependencies
Result: NOTE
Package suggested but not available for checking: ‘untb’
Flavor: r-oldrel-macos-x86_64